Last updated on 2025-01-19 05:49:19 CET.
Flavor | Version | Tinstall | Tcheck | Ttotal | Status | Flags |
---|---|---|---|---|---|---|
r-devel-linux-x86_64-debian-clang | 1.7.4 | 14.09 | 42.20 | 56.29 | NOTE | |
r-devel-linux-x86_64-debian-gcc | 1.7.4 | 9.67 | 30.25 | 39.92 | NOTE | |
r-devel-linux-x86_64-fedora-clang | 1.7.4 | 92.60 | OK | |||
r-devel-linux-x86_64-fedora-gcc | 1.7.4 | 100.94 | OK | |||
r-devel-windows-x86_64 | 1.7.4 | 17.00 | 68.00 | 85.00 | NOTE | |
r-patched-linux-x86_64 | 1.7.4 | 15.60 | 39.87 | 55.47 | OK | |
r-release-linux-x86_64 | 1.7.4 | 12.80 | 40.51 | 53.31 | OK | |
r-release-macos-arm64 | 1.7.4 | 36.00 | OK | |||
r-release-macos-x86_64 | 1.7.4 | 52.00 | OK | |||
r-release-windows-x86_64 | 1.7.4 | 17.00 | 65.00 | 82.00 | OK | |
r-oldrel-macos-arm64 | 1.7.4 | 38.00 | OK | |||
r-oldrel-macos-x86_64 | 1.7.4 | 58.00 | OK | |||
r-oldrel-windows-x86_64 | 1.7.4 | 21.00 | 72.00 | 93.00 | OK |
Version: 1.7.4
Check: Rd cross-references
Result: NOTE
Found the following Rd file(s) with Rd \link{} targets missing package
anchors:
LRParser.Rd: R6Class
LexToken.Rd: R6Class
Lexer.Rd: R6Class
NullLogger.Rd: R6Class
RlyLogger.Rd: R6Class
YaccProduction.Rd: R6Class
Please provide package anchors for all Rd \link{} targets not in the
package itself and the base packages.
Flavors: r-devel-linux-x86_64-debian-clang, r-devel-linux-x86_64-debian-gcc, r-devel-windows-x86_64