Last updated on 2025-01-19 05:49:19 CET.
Flavor | Version | Tinstall | Tcheck | Ttotal | Status | Flags |
---|---|---|---|---|---|---|
r-devel-linux-x86_64-debian-clang | 0.1.16 | 1145.18 | 186.19 | 1331.37 | OK | |
r-devel-linux-x86_64-debian-gcc | 0.1.16 | 1123.05 | 226.18 | 1349.23 | OK | |
r-devel-linux-x86_64-fedora-clang | 0.1.16 | 2081.70 | OK | |||
r-devel-linux-x86_64-fedora-gcc | 0.1.16 | 3207.37 | OK | |||
r-devel-windows-x86_64 | 0.1.16 | 1088.00 | 291.00 | 1379.00 | OK | |
r-patched-linux-x86_64 | 0.1.16 | 1283.14 | 298.10 | 1581.24 | NOTE | |
r-release-linux-x86_64 | 0.1.16 | 1390.48 | 302.11 | 1692.59 | NOTE | |
r-release-macos-arm64 | 0.1.16 | 525.00 | NOTE | |||
r-release-macos-x86_64 | 0.1.16 | 470.00 | NOTE | |||
r-release-windows-x86_64 | 0.1.16 | 1064.00 | 299.00 | 1363.00 | NOTE | |
r-oldrel-macos-arm64 | 0.1.16 | 500.00 | NOTE | |||
r-oldrel-macos-x86_64 | 0.1.16 | 496.00 | NOTE | |||
r-oldrel-windows-x86_64 | 0.1.16 | 1442.00 | 363.00 | 1805.00 | NOTE |
Version: 0.1.16
Check: for GNU extensions in Makefiles
Result: NOTE
GNU make is a SystemRequirements.
Flavors: r-patched-linux-x86_64, r-release-linux-x86_64, r-release-macos-arm64, r-release-macos-x86_64, r-release-windows-x86_64, r-oldrel-macos-arm64, r-oldrel-macos-x86_64, r-oldrel-windows-x86_64
Version: 0.1.16
Check: installed package size
Result: NOTE
installed size is 142.7Mb
sub-directories of 1Mb or more:
libs 142.3Mb
Flavors: r-release-macos-arm64, r-release-macos-x86_64, r-release-windows-x86_64, r-oldrel-macos-arm64, r-oldrel-macos-x86_64, r-oldrel-windows-x86_64