CRAN Package Check Results for Package rmake

Last updated on 2025-01-19 05:49:19 CET.

Flavor Version Tinstall Tcheck Ttotal Status Flags
r-devel-linux-x86_64-debian-clang 1.1.0 4.04 41.50 45.54 OK
r-devel-linux-x86_64-debian-gcc 1.1.0 2.83 30.99 33.82 OK
r-devel-linux-x86_64-fedora-clang 1.1.0 72.77 OK
r-devel-linux-x86_64-fedora-gcc 1.1.0 70.60 OK
r-devel-windows-x86_64 1.1.0 6.00 73.00 79.00 OK
r-patched-linux-x86_64 1.1.0 3.92 39.21 43.13 NOTE
r-release-linux-x86_64 1.1.0 3.50 38.95 42.45 NOTE
r-release-macos-arm64 1.1.0 33.00 NOTE
r-release-macos-x86_64 1.1.0 44.00 NOTE
r-release-windows-x86_64 1.1.0 6.00 70.00 76.00 NOTE
r-oldrel-macos-arm64 1.1.0 34.00 NOTE
r-oldrel-macos-x86_64 1.1.0 46.00 NOTE
r-oldrel-windows-x86_64 1.1.0 7.00 77.00 84.00 NOTE

Check Details

Version: 1.1.0
Check: LazyData
Result: NOTE 'LazyData' is specified without a 'data' directory Flavors: r-patched-linux-x86_64, r-release-linux-x86_64, r-release-macos-arm64, r-release-macos-x86_64, r-release-windows-x86_64, r-oldrel-macos-arm64, r-oldrel-macos-x86_64, r-oldrel-windows-x86_64