CRAN Package Check Results for Package rmangal

Last updated on 2020-01-27 12:48:47 CET.

Flavor Version Tinstall Tcheck Ttotal Status Flags
r-devel-linux-x86_64-debian-clang 2.0.0 3.41 138.95 142.36 OK
r-devel-linux-x86_64-debian-gcc 2.0.0 2.61 109.45 112.06 OK
r-devel-linux-x86_64-fedora-clang 2.0.0 173.60 OK
r-devel-linux-x86_64-fedora-gcc 2.0.0 169.61 OK
r-devel-windows-ix86+x86_64 2.0.0 11.00 374.00 385.00 OK
r-devel-windows-ix86+x86_64-gcc8 2.0.0 13.00 337.00 350.00 OK
r-patched-linux-x86_64 2.0.0 2.65 129.71 132.36 OK
r-patched-solaris-x86 2.0.0 154.60 WARN
r-release-linux-x86_64 2.0.0 2.38 129.77 132.15 OK
r-release-windows-ix86+x86_64 2.0.0 7.00 295.00 302.00 OK
r-release-osx-x86_64 2.0.0 WARN
r-oldrel-windows-ix86+x86_64 2.0.0 4.00 308.00 312.00 OK
r-oldrel-osx-x86_64 2.0.0 WARN

Check Details

Version: 2.0.0
Check: re-building of vignette outputs
Result: WARN
    Error(s) in re-building vignettes:
     ...
    --- re-building ‘rmangal.Rmd’ using rmarkdown
    Warning in engine$weave(file, quiet = quiet, encoding = enc) :
     Pandoc (>= 1.12.3) and/or pandoc-citeproc not available. Falling back to R Markdown v1.
    Data retrieval 100%
    
    Found 2 datasets
    Data retrieval 100%
    
    Processing id: 22 1/1
    
    Data retrieval 100%
    
    Processing id: 53 1/1
    
    Data retrieval 100%
    
    Found 1 datasets
    Data retrieval 100%
    
    Processing id: 22 1/1
    
    Data retrieval 50%
    Data retrieval 100%
    
    Found 172 datasets
    Data retrieval 100%
    
    Processing id: 2 1/1
    
    Data retrieval 100%
    
    Processing id: 7 1/1
    
    Data retrieval 100%
    
    Processing id: 9 1/1
    
    Data retrieval 100%
    
    Processing id: 14 1/1
    
    Data retrieval 100%
    
    Processing id: 15 1/1
    
    Data retrieval 100%
    
    Processing id: 16 1/1
    
    Data retrieval 100%
    
    Processing id: 17 1/1
    
    Data retrieval 100%
    
    Processing id: 18 1/1
    
    Data retrieval 100%
    
    Processing id: 19 1/1
    
    Data retrieval 100%
    
    Processing id: 20 1/1
    
    Data retrieval 100%
    
    Processing id: 21 1/1
    
    Data retrieval 100%
    
    Processing id: 22 1/1
    
    Data retrieval 100%
    
    Processing id: 23 1/1
    
    Data retrieval 100%
    
    Processing id: 24 1/1
    
    Data retrieval 100%
    
    Processing id: 25 1/1
    
    Data retrieval 100%
    
    Processing id: 26 1/1
    
    Data retrieval 100%
    
    Processing id: 27 1/1
    
    Data retrieval 100%
    
    Processing id: 28 1/1
    
    Data retrieval 100%
    
    Processing id: 29 1/1
    
    Data retrieval 100%
    
    Processing id: 30 1/1
    
    Data retrieval 100%
    
    Processing id: 31 1/1
    
    Data retrieval 100%
    
    Processing id: 32 1/1
    
    Data retrieval 100%
    
    Processing id: 33 1/1
    
    Data retrieval 100%
    
    Processing id: 34 1/1
    
    Data retrieval 100%
    
    Processing id: 35 1/1
    
    Data retrieval 100%
    
    Processing id: 38 1/1
    
    Data retrieval 100%
    
    Processing id: 39 1/1
    
    Data retrieval 100%
    
    Processing id: 40 1/1
    
    Data retrieval 100%
    
    Processing id: 41 1/1
    
    Data retrieval 100%
    
    Processing id: 42 1/1
    
    Data retrieval 100%
    
    Processing id: 44 1/1
    
    Data retrieval 100%
    
    Processing id: 45 1/1
    
    Data retrieval 100%
    
    Processing id: 46 1/1
    
    Data retrieval 100%
    
    Processing id: 47 1/1
    
    Data retrieval 100%
    
    Processing id: 48 1/1
    
    Data retrieval 100%
    
    Processing id: 49 1/1
    
    Data retrieval 100%
    
    Processing id: 50 1/1
    
    Data retrieval 100%
    
    Processing id: 51 1/1
    
    Data retrieval 100%
    
    Processing id: 52 1/1
    
    Data retrieval 100%
    
    Processing id: 53 1/1
    
    Data retrieval 100%
    
    Processing id: 54 1/1
    
    Data retrieval 100%
    
    Processing id: 55 1/1
    
    Data retrieval 100%
    
    Processing id: 37 1/1
    
    Data retrieval 100%
    
    Processing id: 56 1/1
    
    Data retrieval 100%
    
    Processing id: 36 1/1
    
    Data retrieval 100%
    
    Processing id: 57 1/1
    
    Data retrieval 100%
    
    Processing id: 1 1/1
    
    Data retrieval 100%
    
    Processing id: 3 1/1
    
    Data retrieval 100%
    
    Processing id: 5 1/1
    
    Data retrieval 100%
    
    Processing id: 4 1/1
    
    Data retrieval 100%
    
    Processing id: 8 1/1
    
    Data retrieval 100%
    
    Processing id: 10 1/1
    
    Data retrieval 100%
    
    Processing id: 11 1/1
    
    Data retrieval 100%
    
    Processing id: 12 1/1
    
    Data retrieval 100%
    
    Processing id: 13 1/1
    
    Data retrieval 100%
    
    Processing id: 58 1/1
    
    Data retrieval 100%
    
    Processing id: 59 1/1
    
    Data retrieval 100%
    
    Processing id: 60 1/1
    
    Data retrieval 100%
    
    Processing id: 110 1/1
    
    Data retrieval 12.5%
    Data retrieval 25%
    Data retrieval 37.5%
    Data retrieval 50%
    Data retrieval 62.5%
    Data retrieval 75%
    Data retrieval 87.5%
    Data retrieval 100%
    
    Processing id: 6 1/1
    
    Data retrieval 100%
    
    Processing id: 61 1/1
    
    Data retrieval 100%
    
    Processing id: 62 1/1
    
    Data retrieval 100%
    
    Processing id: 63 1/1
    
    Data retrieval 100%
    
    Processing id: 64 1/1
    
    Data retrieval 100%
    
    Processing id: 65 1/1
    
    Data retrieval 100%
    
    Processing id: 66 1/1
    
    Data retrieval 100%
    
    Processing id: 67 1/1
    
    Data retrieval 100%
    
    Processing id: 68 1/1
    
    Data retrieval 100%
    
    Processing id: 69 1/1
    
    Data retrieval 100%
    
    Processing id: 70 1/1
    
    Data retrieval 100%
    
    Processing id: 71 1/1
    
    Data retrieval 100%
    
    Processing id: 72 1/1
    
    Data retrieval 100%
    
    Processing id: 73 1/1
    
    Data retrieval 100%
    
    Processing id: 74 1/1
    
    Data retrieval 50%
    Data retrieval 100%
    
    Processing id: 75 1/1
    
    Data retrieval 100%
    
    Processing id: 76 1/1
    
    Data retrieval 100%
    
    Processing id: 77 1/1
    
    Data retrieval 100%
    
    Processing id: 78 1/1
    
    Data retrieval 100%
    
    Processing id: 79 1/1
    
    Data retrieval 100%
    
    Processing id: 80 1/1
    
    Data retrieval 100%
    
    Processing id: 81 1/1
    
    Data retrieval 100%
    
    Processing id: 82 1/1
    
    Data retrieval 100%
    
    Processing id: 83 1/1
    
    Data retrieval 100%
    
    Processing id: 84 1/1
    
    Data retrieval 100%
    
    Processing id: 85 1/1
    
    Data retrieval 100%
    
    Processing id: 86 1/1
    
    Data retrieval 100%
    
    Processing id: 87 1/1
    
    Data retrieval 100%
    
    Processing id: 88 1/1
    
    Data retrieval 100%
    
    Processing id: 89 1/1
    
    Data retrieval 100%
    
    Processing id: 90 1/1
    
    Data retrieval 100%
    
    Processing id: 91 1/1
    
    Data retrieval 100%
    
    Processing id: 92 1/1
    
    Data retrieval 100%
    
    Processing id: 93 1/1
    
    Data retrieval 100%
    
    Processing id: 94 1/1
    
    Data retrieval 100%
    
    Processing id: 95 1/1
    
    Data retrieval 100%
    
    Processing id: 96 1/1
    
    Data retrieval 100%
    
    Processing id: 97 1/1
    
    Data retrieval 100%
    
    Processing id: 98 1/1
    
    Data retrieval 100%
    
    Processing id: 99 1/1
    
    Data retrieval 100%
    
    Processing id: 100 1/1
    
    Data retrieval 100%
    
    Processing id: 101 1/1
    
    Data retrieval 100%
    
    Processing id: 102 1/1
    
    Data retrieval 100%
    
    Processing id: 103 1/1
    
    Data retrieval 100%
    
    Processing id: 104 1/1
    
    Data retrieval 100%
    
    Processing id: 105 1/1
    
    Data retrieval 100%
    
    Processing id: 106 1/1
    
    Data retrieval 100%
    
    Processing id: 107 1/1
    
    Data retrieval 100%
    
    Processing id: 108 1/1
    
    Data retrieval 100%
    
    Processing id: 109 1/1
    
    Data retrieval 100%
    
    Processing id: 111 1/1
    
    Data retrieval 100%
    
    Processing id: 112 1/1
    
    Data retrieval 100%
    
    Processing id: 113 1/1
    
    Data retrieval 100%
    
    Processing id: 114 1/1
    
    Data retrieval 100%
    
    Processing id: 115 1/1
    
    Data retrieval 100%
    
    Processing id: 116 1/1
    
    Data retrieval 100%
    
    Processing id: 118 1/1
    
    Data retrieval 100%
    
    Processing id: 117 1/1
    
    Data retrieval 100%
    
    Processing id: 120 1/1
    
    Data retrieval 100%
    
    Processing id: 121 1/1
    
    Data retrieval 100%
    
    Processing id: 122 1/1
    
    Data retrieval 100%
    
    Processing id: 123 1/1
    
    Data retrieval 100%
    
    Processing id: 125 1/1
    
    Data retrieval 100%
    
    Processing id: 126 1/1
    
    Data retrieval 100%
    
    Processing id: 127 1/1
    
    Data retrieval 100%
    
    Processing id: 128 1/1
    
    Data retrieval 100%
    
    Processing id: 129 1/1
    
    Data retrieval 100%
    
    Processing id: 130 1/1
    
    Data retrieval 100%
    
    Processing id: 131 1/1
    
    Data retrieval 100%
    
    Processing id: 132 1/1
    
    Data retrieval 100%
    
    Processing id: 133 1/1
    
    Data retrieval 100%
    
    Processing id: 134 1/1
    
    Data retrieval 100%
    
    Processing id: 135 1/1
    
    Data retrieval 100%
    
    Processing id: 136 1/1
    
    Data retrieval 100%
    
    Processing id: 137 1/1
    
    Data retrieval 100%
    
    Processing id: 138 1/1
    
    Data retrieval 100%
    
    Processing id: 139 1/1
    
    Data retrieval 100%
    
    Processing id: 140 1/1
    
    Data retrieval 100%
    
    Processing id: 141 1/1
    
    Data retrieval 100%
    
    Processing id: 142 1/1
    
    Data retrieval 100%
    
    Processing id: 143 1/1
    
    Data retrieval 100%
    
    Processing id: 144 1/1
    
    Data retrieval 100%
    
    Processing id: 145 1/1
    
    Data retrieval 100%
    
    Processing id: 146 1/1
    
    Data retrieval 100%
    
    Processing id: 147 1/1
    
    Data retrieval 100%
    
    Processing id: 148 1/1
    
    Data retrieval 100%
    
    Processing id: 149 1/1
    
    Data retrieval 100%
    
    Processing id: 150 1/1
    
    Data retrieval 100%
    
    Processing id: 151 1/1
    
    Data retrieval 100%
    
    Processing id: 152 1/1
    
    Data retrieval 100%
    
    Processing id: 153 1/1
    
    Data retrieval 100%
    
    Processing id: 154 1/1
    
    Data retrieval 100%
    
    Processing id: 155 1/1
    
    Data retrieval 100%
    
    Processing id: 156 1/1
    
    Data retrieval 100%
    
    Processing id: 157 1/1
    
    Data retrieval 100%
    
    Processing id: 158 1/1
    
    Data retrieval 100%
    
    Processing id: 159 1/1
    
    Data retrieval 100%
    
    Processing id: 160 1/1
    
    Data retrieval 100%
    
    Processing id: 161 1/1
    
    Data retrieval 100%
    
    Processing id: 162 1/1
    
    Data retrieval 100%
    
    Processing id: 163 1/1
    
    Data retrieval 100%
    
    Processing id: 164 1/1
    
    Data retrieval 100%
    
    Processing id: 165 1/1
    
    Data retrieval 100%
    
    Processing id: 166 1/1
    
    Data retrieval 100%
    
    Processing id: 167 1/1
    
    Data retrieval 100%
    
    Processing id: 168 1/1
    
    Data retrieval 100%
    
    Processing id: 169 1/1
    
    Data retrieval 100%
    
    Processing id: 170 1/1
    
    Data retrieval 100%
    
    Processing id: 171 1/1
    
    Data retrieval 100%
    
    Processing id: 172 1/1
    
    Data retrieval 100%
    
    Processing id: 173 1/1
    
    Data retrieval 100%
    
    Processing id: 174 1/1
    
    Data retrieval 100%
    
    Processing id: 175 1/1
    
    Data retrieval 100%
    
    Found 1 reference(s)
    Data retrieval 100%
    
    Data retrieval 100%
    
    Data retrieval 100%
    
    Found 14 networks
    `type` used, `query` ignored.
    Data retrieval 100%
    
    Found 12 interactions
    Linking to GEOS 3.6.3, GDAL 2.2.4, PROJ 5.2.0
    Data retrieval 7.14%
    Data retrieval 14.3%
    Data retrieval 21.4%
    Data retrieval 28.6%
    Data retrieval 35.7%
    Data retrieval 42.9%
    Data retrieval 50%
    Data retrieval 57.1%
    Data retrieval 64.3%
    Data retrieval 71.4%
    Data retrieval 78.6%
    Data retrieval 85.7%
    Data retrieval 92.9%
    Data retrieval 100%
    
    PhantomJS not found. You can install it with webshot::install_phantomjs(). If it is installed, please make sure the phantomjs executable can be found via the PATH variable.
    Quitting from lines 251-258 (rmangal.Rmd)
    Error: processing vignette 'rmangal.Rmd' failed with diagnostics:
    cannot open the connection
    --- failed re-building ‘rmangal.Rmd’
    
    SUMMARY: processing the following file failed:
     ‘rmangal.Rmd’
    
    Error: Vignette re-building failed.
    Execution halted
Flavor: r-patched-solaris-x86

Version: 2.0.0
Check: re-building of vignette outputs
Result: WARN
    Error(s) in re-building vignettes:
    --- re-building ‘rmangal.Rmd’ using rmarkdown
    Warning in engine$weave(file, quiet = quiet, encoding = enc) :
     Pandoc (>= 1.12.3) and/or pandoc-citeproc not available. Falling back to R Markdown v1.
    Data retrieval 100%
    
    Found 2 datasets
    Data retrieval 100%
    
    Processing id: 22 1/1
    
    Data retrieval 100%
    
    Processing id: 53 1/1
    
    Data retrieval 100%
    
    Found 1 datasets
    Data retrieval 100%
    
    Processing id: 22 1/1
    
    Data retrieval 50%
    Data retrieval 100%
    
    Found 172 datasets
    Data retrieval 100%
    
    Processing id: 2 1/1
    
    Data retrieval 100%
    
    Processing id: 7 1/1
    
    Data retrieval 100%
    
    Processing id: 9 1/1
    
    Data retrieval 100%
    
    Processing id: 14 1/1
    
    Data retrieval 100%
    
    Processing id: 15 1/1
    
    Data retrieval 100%
    
    Processing id: 16 1/1
    
    Data retrieval 100%
    
    Processing id: 17 1/1
    
    Data retrieval 100%
    
    Processing id: 18 1/1
    
    Data retrieval 100%
    
    Processing id: 19 1/1
    
    Data retrieval 100%
    
    Processing id: 20 1/1
    
    Data retrieval 100%
    
    Processing id: 21 1/1
    
    Data retrieval 100%
    
    Processing id: 22 1/1
    
    Data retrieval 100%
    
    Processing id: 23 1/1
    
    Data retrieval 100%
    
    Processing id: 24 1/1
    
    Data retrieval 100%
    
    Processing id: 25 1/1
    
    Data retrieval 100%
    
    Processing id: 26 1/1
    
    Data retrieval 100%
    
    Processing id: 27 1/1
    
    Data retrieval 100%
    
    Processing id: 28 1/1
    
    Data retrieval 100%
    
    Processing id: 29 1/1
    
    Data retrieval 100%
    
    Processing id: 30 1/1
    
    Data retrieval 100%
    
    Processing id: 31 1/1
    
    Data retrieval 100%
    
    Processing id: 32 1/1
    
    Data retrieval 100%
    
    Processing id: 33 1/1
    
    Data retrieval 100%
    
    Processing id: 34 1/1
    
    Data retrieval 100%
    
    Processing id: 35 1/1
    
    Data retrieval 100%
    
    Processing id: 38 1/1
    
    Data retrieval 100%
    
    Processing id: 39 1/1
    
    Data retrieval 100%
    
    Processing id: 40 1/1
    
    Data retrieval 100%
    
    Processing id: 41 1/1
    
    Data retrieval 100%
    
    Processing id: 42 1/1
    
    Data retrieval 100%
    
    Processing id: 44 1/1
    
    Data retrieval 100%
    
    Processing id: 45 1/1
    
    Data retrieval 100%
    
    Processing id: 46 1/1
    
    Data retrieval 100%
    
    Processing id: 47 1/1
    
    Data retrieval 100%
    
    Processing id: 48 1/1
    
    Data retrieval 100%
    
    Processing id: 49 1/1
    
    Data retrieval 100%
    
    Processing id: 50 1/1
    
    Data retrieval 100%
    
    Processing id: 51 1/1
    
    Data retrieval 100%
    
    Processing id: 52 1/1
    
    Data retrieval 100%
    
    Processing id: 53 1/1
    
    Data retrieval 100%
    
    Processing id: 54 1/1
    
    Data retrieval 100%
    
    Processing id: 55 1/1
    
    Data retrieval 100%
    
    Processing id: 37 1/1
    
    Data retrieval 100%
    
    Processing id: 56 1/1
    
    Data retrieval 100%
    
    Processing id: 36 1/1
    
    Data retrieval 100%
    
    Processing id: 57 1/1
    
    Data retrieval 100%
    
    Processing id: 1 1/1
    
    Data retrieval 100%
    
    Processing id: 3 1/1
    
    Data retrieval 100%
    
    Processing id: 5 1/1
    
    Data retrieval 100%
    
    Processing id: 4 1/1
    
    Data retrieval 100%
    
    Processing id: 8 1/1
    
    Data retrieval 100%
    
    Processing id: 10 1/1
    
    Data retrieval 100%
    
    Processing id: 11 1/1
    
    Data retrieval 100%
    
    Processing id: 12 1/1
    
    Data retrieval 100%
    
    Processing id: 13 1/1
    
    Data retrieval 100%
    
    Processing id: 58 1/1
    
    Data retrieval 100%
    
    Processing id: 59 1/1
    
    Data retrieval 100%
    
    Processing id: 60 1/1
    
    Data retrieval 100%
    
    Processing id: 110 1/1
    
    Data retrieval 12.5%
    Data retrieval 25%
    Data retrieval 37.5%
    Data retrieval 50%
    Data retrieval 62.5%
    Data retrieval 75%
    Data retrieval 87.5%
    Data retrieval 100%
    
    Processing id: 6 1/1
    
    Data retrieval 100%
    
    Processing id: 61 1/1
    
    Data retrieval 100%
    
    Processing id: 62 1/1
    
    Data retrieval 100%
    
    Processing id: 63 1/1
    
    Data retrieval 100%
    
    Processing id: 64 1/1
    
    Data retrieval 100%
    
    Processing id: 65 1/1
    
    Data retrieval 100%
    
    Processing id: 66 1/1
    
    Data retrieval 100%
    
    Processing id: 67 1/1
    
    Data retrieval 100%
    
    Processing id: 68 1/1
    
    Data retrieval 100%
    
    Processing id: 69 1/1
    
    Data retrieval 100%
    
    Processing id: 70 1/1
    
    Data retrieval 100%
    
    Processing id: 71 1/1
    
    Data retrieval 100%
    
    Processing id: 72 1/1
    
    Data retrieval 100%
    
    Processing id: 73 1/1
    
    Data retrieval 100%
    
    Processing id: 74 1/1
    
    Data retrieval 50%
    Data retrieval 100%
    
    Processing id: 75 1/1
    
    Data retrieval 100%
    
    Processing id: 76 1/1
    
    Data retrieval 100%
    
    Processing id: 77 1/1
    
    Data retrieval 100%
    
    Processing id: 78 1/1
    
    Data retrieval 100%
    
    Processing id: 79 1/1
    
    Data retrieval 100%
    
    Processing id: 80 1/1
    
    Data retrieval 100%
    
    Processing id: 81 1/1
    
    Data retrieval 100%
    
    Processing id: 82 1/1
    
    Data retrieval 100%
    
    Processing id: 83 1/1
    
    Data retrieval 100%
    
    Processing id: 84 1/1
    
    Data retrieval 100%
    
    Processing id: 85 1/1
    
    Data retrieval 100%
    
    Processing id: 86 1/1
    
    Data retrieval 100%
    
    Processing id: 87 1/1
    
    Data retrieval 100%
    
    Processing id: 88 1/1
    
    Data retrieval 100%
    
    Processing id: 89 1/1
    
    Data retrieval 100%
    
    Processing id: 90 1/1
    
    Data retrieval 100%
    
    Processing id: 91 1/1
    
    Data retrieval 100%
    
    Processing id: 92 1/1
    
    Data retrieval 100%
    
    Processing id: 93 1/1
    
    Data retrieval 100%
    
    Processing id: 94 1/1
    
    Data retrieval 100%
    
    Processing id: 95 1/1
    
    Data retrieval 100%
    
    Processing id: 96 1/1
    
    Data retrieval 100%
    
    Processing id: 97 1/1
    
    Data retrieval 100%
    
    Processing id: 98 1/1
    
    Data retrieval 100%
    
    Processing id: 99 1/1
    
    Data retrieval 100%
    
    Processing id: 100 1/1
    
    Data retrieval 100%
    
    Processing id: 101 1/1
    
    Data retrieval 100%
    
    Processing id: 102 1/1
    
    Data retrieval 100%
    
    Processing id: 103 1/1
    
    Data retrieval 100%
    
    Processing id: 104 1/1
    
    Data retrieval 100%
    
    Processing id: 105 1/1
    
    Data retrieval 100%
    
    Processing id: 106 1/1
    
    Data retrieval 100%
    
    Processing id: 107 1/1
    
    Data retrieval 100%
    
    Processing id: 108 1/1
    
    Data retrieval 100%
    
    Processing id: 109 1/1
    
    Data retrieval 100%
    
    Processing id: 111 1/1
    
    Data retrieval 100%
    
    Processing id: 112 1/1
    
    Data retrieval 100%
    
    Processing id: 113 1/1
    
    Data retrieval 100%
    
    Processing id: 114 1/1
    
    Data retrieval 100%
    
    Processing id: 115 1/1
    
    Data retrieval 100%
    
    Processing id: 116 1/1
    
    Data retrieval 100%
    
    Processing id: 118 1/1
    
    Data retrieval 100%
    
    Processing id: 117 1/1
    
    Data retrieval 100%
    
    Processing id: 120 1/1
    
    Data retrieval 100%
    
    Processing id: 121 1/1
    
    Data retrieval 100%
    
    Processing id: 122 1/1
    
    Data retrieval 100%
    
    Processing id: 123 1/1
    
    Data retrieval 100%
    
    Processing id: 125 1/1
    
    Data retrieval 100%
    
    Processing id: 126 1/1
    
    Data retrieval 100%
    
    Processing id: 127 1/1
    
    Data retrieval 100%
    
    Processing id: 128 1/1
    
    Data retrieval 100%
    
    Processing id: 129 1/1
    
    Data retrieval 100%
    
    Processing id: 130 1/1
    
    Data retrieval 100%
    
    Processing id: 131 1/1
    
    Data retrieval 100%
    
    Processing id: 132 1/1
    
    Data retrieval 100%
    
    Processing id: 133 1/1
    
    Data retrieval 100%
    
    Processing id: 134 1/1
    
    Data retrieval 100%
    
    Processing id: 135 1/1
    
    Data retrieval 100%
    
    Processing id: 136 1/1
    
    Data retrieval 100%
    
    Processing id: 137 1/1
    
    Data retrieval 100%
    
    Processing id: 138 1/1
    
    Data retrieval 100%
    
    Processing id: 139 1/1
    
    Data retrieval 100%
    
    Processing id: 140 1/1
    
    Data retrieval 100%
    
    Processing id: 141 1/1
    
    Data retrieval 100%
    
    Processing id: 142 1/1
    
    Data retrieval 100%
    
    Processing id: 143 1/1
    
    Data retrieval 100%
    
    Processing id: 144 1/1
    
    Data retrieval 100%
    
    Processing id: 145 1/1
    
    Data retrieval 100%
    
    Processing id: 146 1/1
    
    Data retrieval 100%
    
    Processing id: 147 1/1
    
    Data retrieval 100%
    
    Processing id: 148 1/1
    
    Data retrieval 100%
    
    Processing id: 149 1/1
    
    Data retrieval 100%
    
    Processing id: 150 1/1
    
    Data retrieval 100%
    
    Processing id: 151 1/1
    
    Data retrieval 100%
    
    Processing id: 152 1/1
    
    Data retrieval 100%
    
    Processing id: 153 1/1
    
    Data retrieval 100%
    
    Processing id: 154 1/1
    
    Data retrieval 100%
    
    Processing id: 155 1/1
    
    Data retrieval 100%
    
    Processing id: 156 1/1
    
    Data retrieval 100%
    
    Processing id: 157 1/1
    
    Data retrieval 100%
    
    Processing id: 158 1/1
    
    Data retrieval 100%
    
    Processing id: 159 1/1
    
    Data retrieval 100%
    
    Processing id: 160 1/1
    
    Data retrieval 100%
    
    Processing id: 161 1/1
    
    Data retrieval 100%
    
    Processing id: 162 1/1
    
    Data retrieval 100%
    
    Processing id: 163 1/1
    
    Data retrieval 100%
    
    Processing id: 164 1/1
    
    Data retrieval 100%
    
    Processing id: 165 1/1
    
    Data retrieval 100%
    
    Processing id: 166 1/1
    
    Data retrieval 100%
    
    Processing id: 167 1/1
    
    Data retrieval 100%
    
    Processing id: 168 1/1
    
    Data retrieval 100%
    
    Processing id: 169 1/1
    
    Data retrieval 100%
    
    Processing id: 170 1/1
    
    Data retrieval 100%
    
    Processing id: 171 1/1
    
    Data retrieval 100%
    
    Processing id: 172 1/1
    
    Data retrieval 100%
    
    Processing id: 173 1/1
    
    Data retrieval 100%
    
    Processing id: 174 1/1
    
    Data retrieval 100%
    
    Processing id: 175 1/1
    
    Data retrieval 100%
    
    Found 1 reference(s)
    Data retrieval 100%
    
    Data retrieval 100%
    
    Data retrieval 100%
    
    Found 14 networks
    `type` used, `query` ignored.
    Data retrieval 100%
    
    Found 12 interactions
    Linking to GEOS 3.7.2, GDAL 2.4.2, PROJ 5.2.0
    Data retrieval 7.14%
    Data retrieval 14.3%
    Data retrieval 21.4%
    Data retrieval 28.6%
    Data retrieval 35.7%
    Data retrieval 42.9%
    Data retrieval 50%
    Data retrieval 57.1%
    Data retrieval 64.3%
    Data retrieval 71.4%
    Data retrieval 78.6%
    Data retrieval 85.7%
    Data retrieval 92.9%
    Data retrieval 100%
    
    PhantomJS not found. You can install it with webshot::install_phantomjs(). If it is installed, please make sure the phantomjs executable can be found via the PATH variable.
    Quitting from lines 251-258 (rmangal.Rmd)
    Error: processing vignette 'rmangal.Rmd' failed with diagnostics:
    cannot open the connection
    --- failed re-building ‘rmangal.Rmd’
    
    SUMMARY: processing the following file failed:
     ‘rmangal.Rmd’
    
    Error: Vignette re-building failed.
    Execution halted
Flavor: r-release-osx-x86_64

Version: 2.0.0
Check: re-building of vignette outputs
Result: WARN
    Error in re-building vignettes:
     ...
    `type` used, `query` ignored.
    Data retrieval 100%
    
    Found 12 interactions
    Linking to GEOS 3.7.2, GDAL 2.4.2, PROJ 5.2.0
    Data retrieval 7.14%
    Data retrieval 14.3%
    Data retrieval 21.4%
    Data retrieval 28.6%
    Data retrieval 35.7%
    Data retrieval 42.9%
    Data retrieval 50%
    Data retrieval 57.1%
    Data retrieval 64.3%
    Data retrieval 71.4%
    Data retrieval 78.6%
    Data retrieval 85.7%
    Data retrieval 92.9%
    Data retrieval 100%
    
    PhantomJS not found. You can install it with webshot::install_phantomjs(). If it is installed, please make sure the phantomjs executable can be found via the PATH variable.
    Quitting from lines 251-258 (rmangal.Rmd)
    Error: processing vignette 'rmangal.Rmd' failed with diagnostics:
    cannot open the connection
    Execution halted
Flavor: r-oldrel-osx-x86_64