CRAN Package Check Results for Package rmdfiltr

Last updated on 2019-11-13 12:47:08 CET.

Flavor Version Tinstall Tcheck Ttotal Status Flags
r-devel-linux-x86_64-debian-clang 0.1.0 1.91 25.79 27.70 OK
r-devel-linux-x86_64-debian-gcc 0.1.0 1.46 20.40 21.86 OK
r-devel-linux-x86_64-fedora-clang 0.1.0 34.67 OK
r-devel-linux-x86_64-fedora-gcc 0.1.0 34.57 OK
r-devel-windows-ix86+x86_64 0.1.0 10.00 41.00 51.00 OK
r-patched-linux-x86_64 0.1.0 1.56 24.89 26.45 OK
r-patched-solaris-x86 0.1.0 49.00 ERROR
r-release-linux-x86_64 0.1.0 1.28 24.97 26.25 OK
r-release-windows-ix86+x86_64 0.1.0 7.00 57.00 64.00 OK
r-release-osx-x86_64 0.1.0 ERROR
r-oldrel-windows-ix86+x86_64 0.1.0 2.00 50.00 52.00 OK
r-oldrel-osx-x86_64 0.1.0 ERROR

Check Details

Version: 0.1.0
Check: examples
Result: ERROR
    Running examples in ‘rmdfiltr-Ex.R’ failed
    The error most likely occurred in:
    
    > ### Name: add_lua_filter
    > ### Title: Add filter to pandoc arguments
    > ### Aliases: add_lua_filter add_wordcount_filter
    > ### add_replace_ampersands_filter add_citeproc_filter add_custom_filter
    >
    > ### ** Examples
    >
    >
    > add_lua_filter(NULL, "wordcount", report = "silent")
    Error in if (is.na(b)) return(1L) : argument is of length zero
    Calls: add_lua_filter ... add_custom_filter -> verify_pandoc_version -> <Anonymous>
    Execution halted
Flavors: r-patched-solaris-x86, r-release-osx-x86_64, r-oldrel-osx-x86_64

Version: 0.1.0
Check: tests
Result: ERROR
     Running ‘spelling.R’
     Running ‘testthat.R’
    Running the tests in ‘tests/testthat.R’ failed.
    Complete output:
     > library(testthat)
     > library(rmdfiltr)
     >
     > test_check("rmdfiltr")
     ── 1. Error: Convenience functions (@test_convenience_functions.R#4) ──────────
     argument is of length zero
     Backtrace:
     1. testthat::expect_identical(...)
     4. rmdfiltr::add_lua_filter(filter_name = "wordcount", report = "silent")
     5. rmdfiltr::add_custom_filter(...)
     6. rmdfiltr::verify_pandoc_version(report = report)
     7. utils::compareVersion("2.0", as.character(rmarkdown::pandoc_version()))
    
     ── 2. Error: Vectorization (@test_vectorization.R#4) ──────────────────────────
     argument is of length zero
     Backtrace:
     1. testthat::expect_identical(...)
     4. rmdfiltr::add_lua_filter(...)
     5. rmdfiltr::add_custom_filter(...)
     6. rmdfiltr::verify_pandoc_version(report = report)
     7. utils::compareVersion("2.0", as.character(rmarkdown::pandoc_version()))
    
     ══ testthat results ═══════════════════════════════════════════════════════════
     [ OK: 0 | SKIPPED: 0 | WARNINGS: 0 | FAILED: 2 ]
     1. Error: Convenience functions (@test_convenience_functions.R#4)
     2. Error: Vectorization (@test_vectorization.R#4)
    
     Error: testthat unit tests failed
     Execution halted
Flavor: r-patched-solaris-x86

Version: 0.1.0
Check: re-building of vignette outputs
Result: WARN
    Error(s) in re-building vignettes:
     ...
    --- re-building ‘replace_ampersands.Rmd’ using rmarkdown
    Warning in engine$weave(file, quiet = quiet, encoding = enc) :
     Pandoc (>= 1.12.3) and/or pandoc-citeproc not available. Falling back to R Markdown v1.
    Quitting from lines 43-45 (replace_ampersands.Rmd)
    Error: processing vignette 'replace_ampersands.Rmd' failed with diagnostics:
    argument is of length zero
    --- failed re-building ‘replace_ampersands.Rmd’
    
    --- re-building ‘wordcount.Rmd’ using rmarkdown
    Warning in engine$weave(file, quiet = quiet, encoding = enc) :
     Pandoc (>= 1.12.3) and/or pandoc-citeproc not available. Falling back to R Markdown v1.
    Quitting from lines 47-49 (wordcount.Rmd)
    Error: processing vignette 'wordcount.Rmd' failed with diagnostics:
    argument is of length zero
    --- failed re-building ‘wordcount.Rmd’
    
    SUMMARY: processing the following files failed:
     ‘replace_ampersands.Rmd’ ‘wordcount.Rmd’
    
    Error: Vignette re-building failed.
    Execution halted
Flavors: r-patched-solaris-x86, r-release-osx-x86_64

Version: 0.1.0
Check: tests
Result: ERROR
     Running ‘spelling.R’ [0s/0s]
     Running ‘testthat.R’ [2s/2s]
    Running the tests in ‘tests/testthat.R’ failed.
    Last 13 lines of output:
     argument is of length zero
     Backtrace:
     1. testthat::expect_identical(...)
     4. rmdfiltr::add_lua_filter(...)
     5. rmdfiltr::add_custom_filter(...)
     6. rmdfiltr::verify_pandoc_version(report = report)
     7. utils::compareVersion("2.0", as.character(rmarkdown::pandoc_version()))
    
     ══ testthat results ═══════════════════════════════════════════════════════════
     [ OK: 0 | SKIPPED: 0 | WARNINGS: 0 | FAILED: 2 ]
     1. Error: Convenience functions (@test_convenience_functions.R#4)
     2. Error: Vectorization (@test_vectorization.R#4)
    
     Error: testthat unit tests failed
     Execution halted
Flavor: r-release-osx-x86_64

Version: 0.1.0
Check: tests
Result: ERROR
     Running ‘spelling.R’ [0s/0s]
     Running ‘testthat.R’ [1s/1s]
    Running the tests in ‘tests/testthat.R’ failed.
    Last 13 lines of output:
     argument is of length zero
     Backtrace:
     1. testthat::expect_identical(...)
     4. rmdfiltr::add_lua_filter(...)
     5. rmdfiltr::add_custom_filter(...)
     6. rmdfiltr::verify_pandoc_version(report = report)
     7. utils::compareVersion("2.0", as.character(rmarkdown::pandoc_version()))
    
     ══ testthat results ═══════════════════════════════════════════════════════════
     [ OK: 0 | SKIPPED: 0 | WARNINGS: 0 | FAILED: 2 ]
     1. Error: Convenience functions (@test_convenience_functions.R#4)
     2. Error: Vectorization (@test_vectorization.R#4)
    
     Error: testthat unit tests failed
     Execution halted
Flavor: r-oldrel-osx-x86_64

Version: 0.1.0
Check: re-building of vignette outputs
Result: WARN
    Error in re-building vignettes:
     ...
    Warning in engine$weave(file, quiet = quiet, encoding = enc) :
     Pandoc (>= 1.12.3) and/or pandoc-citeproc not available. Falling back to R Markdown v1.
    Quitting from lines 43-45 (replace_ampersands.Rmd)
    Error: processing vignette 'replace_ampersands.Rmd' failed with diagnostics:
    argument is of length zero
    Execution halted
Flavor: r-oldrel-osx-x86_64