CRAN Package Check Results for Package rmdplugr

Last updated on 2025-01-19 05:49:19 CET.

Flavor Version Tinstall Tcheck Ttotal Status Flags
r-devel-linux-x86_64-debian-clang 0.4.1 2.34 29.19 31.53 OK
r-devel-linux-x86_64-debian-gcc 0.4.1 1.94 23.78 25.72 OK
r-devel-linux-x86_64-fedora-clang 0.4.1 51.39 OK
r-devel-linux-x86_64-fedora-gcc 0.4.1 62.29 OK
r-devel-windows-x86_64 0.4.1 4.00 63.00 67.00 OK
r-patched-linux-x86_64 0.4.1 2.43 28.08 30.51 NOTE
r-release-linux-x86_64 0.4.1 2.19 28.18 30.37 NOTE
r-release-macos-arm64 0.4.1 25.00 NOTE
r-release-macos-x86_64 0.4.1 39.00 NOTE
r-release-windows-x86_64 0.4.1 5.00 62.00 67.00 NOTE
r-oldrel-macos-arm64 0.4.1 28.00 NOTE
r-oldrel-macos-x86_64 0.4.1 38.00 NOTE
r-oldrel-windows-x86_64 0.4.1 4.00 62.00 66.00 NOTE

Check Details

Version: 0.4.1
Check: LazyData
Result: NOTE 'LazyData' is specified without a 'data' directory Flavors: r-patched-linux-x86_64, r-release-linux-x86_64, r-release-macos-arm64, r-release-macos-x86_64, r-release-windows-x86_64, r-oldrel-macos-arm64, r-oldrel-macos-x86_64, r-oldrel-windows-x86_64