Last updated on 2024-05-01 16:53:08 CEST.
Flavor | Version | Tinstall | Tcheck | Ttotal | Status | Flags |
---|---|---|---|---|---|---|
r-devel-linux-x86_64-debian-clang | 0.0.8 | 88.70 | 78.05 | 166.75 | NOTE | |
r-devel-linux-x86_64-debian-gcc | 0.0.8 | 56.65 | 59.04 | 115.69 | NOTE | |
r-devel-linux-x86_64-fedora-clang | 0.0.8 | 224.53 | NOTE | |||
r-devel-linux-x86_64-fedora-gcc | 0.0.8 | 218.93 | NOTE | |||
r-devel-windows-x86_64 | 0.0.8 | 92.00 | 112.00 | 204.00 | NOTE | |
r-patched-linux-x86_64 | 0.0.8 | 76.89 | 76.91 | 153.80 | NOTE | |
r-release-linux-x86_64 | 0.0.8 | 77.36 | 76.18 | 153.54 | NOTE | |
r-release-macos-arm64 | 0.0.8 | 68.00 | NOTE | |||
r-release-windows-x86_64 | 0.0.8 | 97.00 | 116.00 | 213.00 | NOTE | |
r-oldrel-macos-arm64 | 0.0.8 | 70.00 | NOTE | |||
r-oldrel-macos-x86_64 | 0.0.8 | 116.00 | NOTE | |||
r-oldrel-windows-x86_64 | 0.0.8 | 117.00 | 125.00 | 242.00 | NOTE |
Version: 0.0.8
Check: C++ specification
Result: NOTE
Specified C++11: please drop specification unless essential
Flavors: r-devel-linux-x86_64-debian-clang, r-devel-linux-x86_64-debian-gcc, r-devel-linux-x86_64-fedora-clang, r-devel-linux-x86_64-fedora-gcc, r-devel-windows-x86_64, r-patched-linux-x86_64, r-release-linux-x86_64, r-release-macos-arm64, r-release-windows-x86_64, r-oldrel-macos-arm64, r-oldrel-macos-x86_64, r-oldrel-windows-x86_64
Version: 0.0.8
Check: installed package size
Result: NOTE
installed size is 5.9Mb
sub-directories of 1Mb or more:
minizinc 3.4Mb
Flavors: r-devel-linux-x86_64-fedora-clang, r-devel-windows-x86_64, r-release-macos-arm64, r-release-windows-x86_64, r-oldrel-macos-arm64, r-oldrel-macos-x86_64, r-oldrel-windows-x86_64