Last updated on 2025-01-19 05:49:19 CET.
Flavor | Version | Tinstall | Tcheck | Ttotal | Status | Flags |
---|---|---|---|---|---|---|
r-devel-linux-x86_64-debian-clang | 1.1-1 | 368.56 | 178.34 | 546.90 | OK | |
r-devel-linux-x86_64-debian-gcc | 1.1-1 | 344.59 | 157.57 | 502.16 | OK | |
r-devel-linux-x86_64-fedora-clang | 1.1-1 | 895.65 | OK | |||
r-devel-linux-x86_64-fedora-gcc | 1.1-1 | 776.97 | OK | |||
r-devel-windows-x86_64 | 1.1-1 | 343.00 | 218.00 | 561.00 | OK | |
r-patched-linux-x86_64 | 1.1-1 | 402.30 | 206.51 | 608.81 | NOTE | |
r-release-linux-x86_64 | 1.1-1 | 454.69 | 205.88 | 660.57 | NOTE | |
r-release-macos-arm64 | 1.1-1 | 236.00 | NOTE | |||
r-release-macos-x86_64 | 1.1-1 | 376.00 | NOTE | |||
r-release-windows-x86_64 | 1.1-1 | 335.00 | 219.00 | 554.00 | NOTE | |
r-oldrel-macos-arm64 | 1.1-1 | 615.00 | NOTE | |||
r-oldrel-macos-x86_64 | 1.1-1 | 382.00 | NOTE | |||
r-oldrel-windows-x86_64 | 1.1-1 | 468.00 | 269.00 | 737.00 | NOTE |
Version: 1.1-1
Check: package dependencies
Result: NOTE
Package suggested but not available for checking: ‘cmdstanr’
Flavors: r-patched-linux-x86_64, r-release-linux-x86_64, r-release-macos-arm64, r-release-macos-x86_64, r-release-windows-x86_64, r-oldrel-macos-arm64, r-oldrel-macos-x86_64, r-oldrel-windows-x86_64
Version: 1.1-1
Check: Rd cross-references
Result: NOTE
Package unavailable to check Rd xrefs: ‘cmdstanr’
Flavors: r-patched-linux-x86_64, r-release-linux-x86_64, r-release-macos-arm64, r-release-macos-x86_64, r-release-windows-x86_64, r-oldrel-macos-arm64, r-oldrel-macos-x86_64, r-oldrel-windows-x86_64
Version: 1.1-1
Check: for GNU extensions in Makefiles
Result: NOTE
GNU make is a SystemRequirements.
Flavors: r-patched-linux-x86_64, r-release-linux-x86_64, r-release-macos-arm64, r-release-macos-x86_64, r-release-windows-x86_64, r-oldrel-macos-arm64, r-oldrel-macos-x86_64, r-oldrel-windows-x86_64
Version: 1.1-1
Check: installed package size
Result: NOTE
installed size is 84.3Mb
sub-directories of 1Mb or more:
libs 83.7Mb
Flavors: r-release-macos-arm64, r-release-macos-x86_64, r-oldrel-macos-arm64, r-oldrel-macos-x86_64