CRAN Package Check Results for Package rnaCrosslinkOO

Last updated on 2025-01-19 05:49:19 CET.

Flavor Version Tinstall Tcheck Ttotal Status Flags
r-devel-linux-x86_64-debian-clang 0.1.4 35.22 373.67 408.89 OK
r-devel-linux-x86_64-debian-gcc 0.1.4 24.40 254.91 279.31 OK
r-devel-linux-x86_64-fedora-clang 0.1.4 665.57 OK
r-devel-linux-x86_64-fedora-gcc 0.1.4 633.91 OK
r-devel-windows-x86_64 0.1.4 33.00 537.00 570.00 OK
r-patched-linux-x86_64 0.1.4 32.87 349.41 382.28 OK
r-release-linux-x86_64 0.1.4 32.75 352.76 385.51 OK
r-release-macos-arm64 0.1.4 187.00 ERROR
r-release-macos-x86_64 0.1.4 430.00 OK
r-release-windows-x86_64 0.1.4 35.00 527.00 562.00 OK
r-oldrel-macos-arm64 0.1.4 18.00 ERROR
r-oldrel-macos-x86_64 0.1.4 11.00 ERROR
r-oldrel-windows-x86_64 0.1.4 47.00 636.00 683.00 ERROR

Additional issues

clang-UBSAN gcc-UBSAN

Check Details

Version: 0.1.4
Check: re-building of vignette outputs
Result: ERROR Error(s) in re-building vignettes: --- re-building ‘rnaCrosslinkOO.Rmd’ using rmarkdown File rnaCrosslinkProtocol.jpg not found in resource path Error: processing vignette 'rnaCrosslinkOO.Rmd' failed with diagnostics: pandoc document conversion failed with error 99 --- failed re-building ‘rnaCrosslinkOO.Rmd’ SUMMARY: processing the following file failed: ‘rnaCrosslinkOO.Rmd’ Error: Vignette re-building failed. Execution halted Flavors: r-release-macos-arm64, r-oldrel-windows-x86_64

Version: 0.1.4
Check: package dependencies
Result: ERROR Package required but not available: ‘R4RNA’ See section ‘The DESCRIPTION file’ in the ‘Writing R Extensions’ manual. Flavors: r-oldrel-macos-arm64, r-oldrel-macos-x86_64