Last updated on 2024-04-17 13:57:41 CEST.
Flavor | Version | Tinstall | Tcheck | Ttotal | Status | Flags |
---|---|---|---|---|---|---|
r-devel-linux-x86_64-debian-clang | 1.0.0 | 7.19 | 23.54 | 30.73 | OK | |
r-devel-linux-x86_64-debian-gcc | 1.0.0 | 6.94 | 18.03 | 24.97 | OK | |
r-devel-linux-x86_64-fedora-clang | 1.0.0 | 39.74 | NOTE | |||
r-devel-linux-x86_64-fedora-gcc | 1.0.0 | 38.08 | NOTE | |||
r-prerel-macos-arm64 | 1.0.0 | 18.00 | OK | |||
r-prerel-macos-x86_64 | 1.0.0 | 49.00 | OK | |||
r-prerel-windows-x86_64 | 1.0.0 | 8.00 | 41.00 | 49.00 | OK | |
r-patched-linux-x86_64 | 1.0.0 | 7.60 | 22.46 | 30.06 | OK | |
r-release-linux-x86_64 | 1.0.0 | 7.82 | 21.89 | 29.71 | OK | |
r-release-macos-arm64 | 1.0.0 | 27.00 | OK | |||
r-release-macos-x86_64 | 1.0.0 | 47.00 | OK | |||
r-release-windows-x86_64 | 1.0.0 | 7.00 | 40.00 | 47.00 | OK | |
r-oldrel-macos-arm64 | 1.0.0 | 29.00 | OK | |||
r-oldrel-windows-x86_64 | 1.0.0 | 12.00 | 42.00 | 54.00 | OK |
Version: 1.0.0
Check: data for non-ASCII characters
Result: NOTE
Note: found 26259 marked UTF-8 strings
Flavors: r-devel-linux-x86_64-fedora-clang, r-devel-linux-x86_64-fedora-gcc