CRAN Package Check Results for Package rncl

Last updated on 2020-08-09 12:48:40 CEST.

Flavor Version Tinstall Tcheck Ttotal Status Flags
r-devel-linux-x86_64-debian-clang 0.8.4 177.29 30.86 208.15 OK
r-devel-linux-x86_64-debian-gcc 0.8.4 172.44 24.42 196.86 OK
r-devel-linux-x86_64-fedora-clang 0.8.4 345.26 NOTE
r-devel-linux-x86_64-fedora-gcc 0.8.4 325.29 OK
r-devel-windows-ix86+x86_64 0.8.4 423.00 92.00 515.00 OK
r-patched-linux-x86_64 0.8.4 165.60 29.97 195.57 OK
r-patched-solaris-x86 0.8.4 245.00 OK
r-release-linux-x86_64 0.8.4 170.94 29.93 200.87 OK
r-release-macos-x86_64 0.8.4 NOTE
r-release-windows-ix86+x86_64 0.8.4 430.00 68.00 498.00 OK
r-oldrel-macos-x86_64 0.8.4 NOTE
r-oldrel-windows-ix86+x86_64 0.8.4 296.00 94.00 390.00 OK

Check Details

Version: 0.8.4
Check: installed package size
Result: NOTE
     installed size is 23.5Mb
     sub-directories of 1Mb or more:
     libs 23.3Mb
Flavors: r-devel-linux-x86_64-fedora-clang, r-release-macos-x86_64, r-oldrel-macos-x86_64