Last updated on 2024-04-17 13:57:41 CEST.
Flavor | Version | Tinstall | Tcheck | Ttotal | Status | Flags |
---|---|---|---|---|---|---|
r-devel-linux-x86_64-debian-clang | 0.8.7 | 197.00 | 37.10 | 234.10 | NOTE | |
r-devel-linux-x86_64-debian-gcc | 0.8.7 | 187.91 | 28.70 | 216.61 | NOTE | |
r-devel-linux-x86_64-fedora-clang | 0.8.7 | 356.41 | NOTE | |||
r-devel-linux-x86_64-fedora-gcc | 0.8.7 | 398.01 | NOTE | |||
r-prerel-macos-arm64 | 0.8.7 | 73.00 | NOTE | |||
r-prerel-windows-x86_64 | 0.8.7 | 158.00 | 85.00 | 243.00 | NOTE | |
r-patched-linux-x86_64 | 0.8.7 | 216.25 | 36.78 | 253.03 | NOTE | |
r-release-linux-x86_64 | 0.8.7 | 222.72 | 35.38 | 258.10 | OK | |
r-release-macos-arm64 | 0.8.7 | 95.00 | NOTE | |||
r-release-macos-x86_64 | 0.8.7 | 164.00 | NOTE | |||
r-release-windows-x86_64 | 0.8.7 | 200.00 | 90.00 | 290.00 | OK | |
r-oldrel-macos-arm64 | 0.8.7 | 92.00 | NOTE | |||
r-oldrel-windows-x86_64 | 0.8.7 | 180.00 | 88.00 | 268.00 | OK |
Version: 0.8.7
Check: Rd files
Result: NOTE
checkRd: (-1) rncl.Rd:53-55: Lost braces in \itemize; \value handles \item{}{} directly
checkRd: (-1) rncl.Rd:57: Lost braces in \itemize; \value handles \item{}{} directly
checkRd: (-1) rncl.Rd:59-63: Lost braces in \itemize; \value handles \item{}{} directly
checkRd: (-1) rncl.Rd:65-71: Lost braces in \itemize; \value handles \item{}{} directly
checkRd: (-1) rncl.Rd:73-78: Lost braces in \itemize; \value handles \item{}{} directly
checkRd: (-1) rncl.Rd:80-84: Lost braces in \itemize; \value handles \item{}{} directly
checkRd: (-1) rncl.Rd:86-90: Lost braces in \itemize; \value handles \item{}{} directly
checkRd: (-1) rncl.Rd:92-93: Lost braces in \itemize; \value handles \item{}{} directly
checkRd: (-1) rncl.Rd:95-96: Lost braces in \itemize; \value handles \item{}{} directly
checkRd: (-1) rncl.Rd:98-99: Lost braces in \itemize; \value handles \item{}{} directly
checkRd: (-1) rncl.Rd:101-102: Lost braces in \itemize; \value handles \item{}{} directly
checkRd: (-1) rncl.Rd:104-105: Lost braces in \itemize; \value handles \item{}{} directly
checkRd: (-1) rncl.Rd:107-110: Lost braces in \itemize; \value handles \item{}{} directly
checkRd: (-1) rncl.Rd:112-115: Lost braces in \itemize; \value handles \item{}{} directly
checkRd: (-1) rncl.Rd:117-119: Lost braces in \itemize; \value handles \item{}{} directly
checkRd: (-1) rncl.Rd:121-124: Lost braces in \itemize; \value handles \item{}{} directly
Flavors: r-devel-linux-x86_64-debian-clang, r-devel-linux-x86_64-debian-gcc, r-devel-linux-x86_64-fedora-clang, r-devel-linux-x86_64-fedora-gcc, r-prerel-macos-arm64, r-prerel-windows-x86_64, r-patched-linux-x86_64
Version: 0.8.7
Check: installed package size
Result: NOTE
installed size is 18.7Mb
sub-directories of 1Mb or more:
libs 18.5Mb
Flavors: r-prerel-macos-arm64, r-release-macos-arm64, r-release-macos-x86_64, r-oldrel-macos-arm64