CRAN Package Check Results for Package rnetcarto

Last updated on 2025-01-19 05:49:19 CET.

Flavor Version Tinstall Tcheck Ttotal Status Flags
r-devel-linux-x86_64-debian-clang 0.2.6 4.84 25.33 30.17 OK
r-devel-linux-x86_64-debian-gcc 0.2.6 4.17 21.29 25.46 OK
r-devel-linux-x86_64-fedora-clang 0.2.6 50.28 NOTE
r-devel-linux-x86_64-fedora-gcc 0.2.6 62.52 NOTE
r-devel-windows-x86_64 0.2.6 9.00 51.00 60.00 OK
r-patched-linux-x86_64 0.2.6 4.39 23.78 28.17 OK
r-release-linux-x86_64 0.2.6 4.43 23.85 28.28 OK
r-release-macos-arm64 0.2.6 29.00 OK
r-release-macos-x86_64 0.2.6 45.00 OK
r-release-windows-x86_64 0.2.6 10.00 48.00 58.00 OK
r-oldrel-macos-arm64 0.2.6 26.00 OK
r-oldrel-macos-x86_64 0.2.6 46.00 OK
r-oldrel-windows-x86_64 0.2.6 10.00 50.00 60.00 OK

Check Details

Version: 0.2.6
Check: compiled code
Result: NOTE File ‘rnetcarto/libs/rnetcarto.so’: Found no calls to: ‘R_registerRoutines’, ‘R_useDynamicSymbols’ It is good practice to register native routines and to disable symbol search. See ‘Writing portable packages’ in the ‘Writing R Extensions’ manual. Flavors: r-devel-linux-x86_64-fedora-clang, r-devel-linux-x86_64-fedora-gcc