Last updated on 2025-01-19 05:49:19 CET.
Flavor | Version | Tinstall | Tcheck | Ttotal | Status | Flags |
---|---|---|---|---|---|---|
r-devel-linux-x86_64-debian-clang | 1.9.0 | 3.59 | 184.07 | 187.66 | OK | |
r-devel-linux-x86_64-debian-gcc | 1.9.0 | 2.74 | 107.76 | 110.50 | OK | |
r-devel-linux-x86_64-fedora-clang | 1.9.0 | 324.65 | NOTE | |||
r-devel-linux-x86_64-fedora-gcc | 1.9.0 | 321.02 | NOTE | |||
r-devel-windows-x86_64 | 1.9.0 | 5.00 | 177.00 | 182.00 | OK | |
r-patched-linux-x86_64 | 1.9.0 | 3.35 | 172.00 | 175.35 | OK | |
r-release-linux-x86_64 | 1.9.0 | 3.48 | 168.16 | 171.64 | OK | |
r-release-macos-arm64 | 1.9.0 | 70.00 | OK | |||
r-release-macos-x86_64 | 1.9.0 | 142.00 | OK | |||
r-release-windows-x86_64 | 1.9.0 | 5.00 | 171.00 | 176.00 | OK | |
r-oldrel-macos-arm64 | 1.9.0 | 90.00 | OK | |||
r-oldrel-macos-x86_64 | 1.9.0 | 253.00 | OK | |||
r-oldrel-windows-x86_64 | 1.9.0 | 6.00 | 221.00 | 227.00 | OK |
Version: 1.9.0
Check: dependencies in R code
Result: NOTE
Namespace in Imports field not imported from: ‘attention’
All declared Imports should be used.
Flavors: r-devel-linux-x86_64-fedora-clang, r-devel-linux-x86_64-fedora-gcc