Last updated on 2025-01-19 05:49:19 CET.
Flavor | Version | Tinstall | Tcheck | Ttotal | Status | Flags |
---|---|---|---|---|---|---|
r-devel-linux-x86_64-debian-clang | 0.1.6 | 109.96 | 98.65 | 208.61 | OK | |
r-devel-linux-x86_64-debian-gcc | 0.1.6 | 95.89 | 73.74 | 169.63 | OK | |
r-devel-linux-x86_64-fedora-clang | 0.1.6 | 374.91 | OK | |||
r-devel-linux-x86_64-fedora-gcc | 0.1.6 | 448.87 | OK | |||
r-devel-windows-x86_64 | 0.1.6 | 121.00 | 153.00 | 274.00 | OK | |
r-patched-linux-x86_64 | 0.1.6 | 129.42 | 92.93 | 222.35 | OK | |
r-release-linux-x86_64 | 0.1.6 | 124.88 | 92.63 | 217.51 | OK | |
r-release-macos-arm64 | 0.1.6 | 128.00 | NOTE | |||
r-release-macos-x86_64 | 0.1.6 | 129.00 | NOTE | |||
r-release-windows-x86_64 | 0.1.6 | 122.00 | 146.00 | 268.00 | OK | |
r-oldrel-macos-arm64 | 0.1.6 | 116.00 | NOTE | |||
r-oldrel-macos-x86_64 | 0.1.6 | 191.00 | NOTE | |||
r-oldrel-windows-x86_64 | 0.1.6 | 137.00 | 171.00 | 308.00 | OK |
Version: 0.1.6
Check: installed package size
Result: NOTE
installed size is 13.5Mb
sub-directories of 1Mb or more:
libs 12.4Mb
Flavors: r-release-macos-arm64, r-release-macos-x86_64, r-oldrel-macos-arm64, r-oldrel-macos-x86_64