Last updated on 2024-05-01 16:53:08 CEST.
Flavor | Version | Tinstall | Tcheck | Ttotal | Status | Flags |
---|---|---|---|---|---|---|
r-devel-linux-x86_64-debian-clang | 0.1.1 | 266.19 | 62.25 | 328.44 | OK | |
r-devel-linux-x86_64-debian-gcc | 0.1.1 | 199.85 | 42.52 | 242.37 | OK | |
r-devel-linux-x86_64-fedora-clang | 0.1.1 | 478.81 | OK | |||
r-devel-linux-x86_64-fedora-gcc | 0.1.1 | 473.88 | OK | |||
r-devel-windows-x86_64 | 0.1.1 | 193.00 | 84.00 | 277.00 | OK | |
r-patched-linux-x86_64 | 0.1.1 | 251.24 | 57.99 | 309.23 | OK | |
r-release-linux-x86_64 | 0.1.1 | 239.24 | 56.80 | 296.04 | OK | |
r-release-macos-arm64 | 0.1.1 | 86.00 | NOTE | |||
r-release-macos-x86_64 | 0.1.1 | 115.00 | NOTE | |||
r-release-windows-x86_64 | 0.1.1 | 195.00 | 88.00 | 283.00 | OK | |
r-oldrel-macos-arm64 | 0.1.1 | 86.00 | NOTE | |||
r-oldrel-macos-x86_64 | 0.1.1 | 113.00 | NOTE | |||
r-oldrel-windows-x86_64 | 0.1.1 | 239.00 | 102.00 | 341.00 | OK |
Version: 0.1.1
Check: installed package size
Result: NOTE
installed size is 8.6Mb
sub-directories of 1Mb or more:
libs 8.1Mb
Flavors: r-release-macos-arm64, r-release-macos-x86_64, r-oldrel-macos-arm64, r-oldrel-macos-x86_64