CRAN Package Check Results for Package robis

Last updated on 2025-01-19 05:49:19 CET.

Flavor Version Tinstall Tcheck Ttotal Status Flags
r-devel-linux-x86_64-debian-clang 2.11.3 8.68 76.00 84.68 OK
r-devel-linux-x86_64-debian-gcc 2.11.3 5.86 56.90 62.76 OK
r-devel-linux-x86_64-fedora-clang 2.11.3 136.47 NOTE
r-devel-linux-x86_64-fedora-gcc 2.11.3 137.60 NOTE
r-devel-windows-x86_64 2.11.3 10.00 103.00 113.00 OK
r-patched-linux-x86_64 2.11.3 7.50 70.78 78.28 OK
r-release-linux-x86_64 2.11.3 7.94 70.63 78.57 OK
r-release-macos-arm64 2.11.3 62.00 OK
r-release-macos-x86_64 2.11.3 134.00 OK
r-release-windows-x86_64 2.11.3 10.00 101.00 111.00 OK
r-oldrel-macos-arm64 2.11.3 59.00 OK
r-oldrel-macos-x86_64 2.11.3 81.00 OK
r-oldrel-windows-x86_64 2.11.3 14.00 110.00 124.00 OK

Check Details

Version: 2.11.3
Check: dependencies in R code
Result: NOTE Namespace in Imports field not imported from: ‘memoise’ All declared Imports should be used. Flavors: r-devel-linux-x86_64-fedora-clang, r-devel-linux-x86_64-fedora-gcc