CRAN Package Check Results for Package roboBayes

Last updated on 2025-01-19 05:49:19 CET.

Flavor Version Tinstall Tcheck Ttotal Status Flags
r-devel-linux-x86_64-debian-clang 1.2 120.97 23.79 144.76 OK
r-devel-linux-x86_64-debian-gcc 1.2 85.23 19.16 104.39 OK
r-devel-linux-x86_64-fedora-clang 1.2 313.05 OK
r-devel-linux-x86_64-fedora-gcc 1.2 318.62 OK
r-devel-windows-x86_64 1.2 128.00 66.00 194.00 OK
r-patched-linux-x86_64 1.2 126.58 22.76 149.34 OK
r-release-linux-x86_64 1.2 126.37 23.11 149.48 OK
r-release-macos-arm64 1.2 59.00 NOTE
r-release-macos-x86_64 1.2 57.00 NOTE
r-release-windows-x86_64 1.2 130.00 64.00 194.00 OK
r-oldrel-macos-arm64 1.2 68.00 NOTE
r-oldrel-macos-x86_64 1.2 87.00 NOTE
r-oldrel-windows-x86_64 1.2 138.00 73.00 211.00 OK

Check Details

Version: 1.2
Check: installed package size
Result: NOTE installed size is 6.9Mb sub-directories of 1Mb or more: libs 6.8Mb Flavors: r-release-macos-arm64, r-release-macos-x86_64, r-oldrel-macos-arm64, r-oldrel-macos-x86_64