Last updated on 2024-05-01 16:53:08 CEST.
Flavor | Version | Tinstall | Tcheck | Ttotal | Status | Flags |
---|---|---|---|---|---|---|
r-devel-linux-x86_64-debian-clang | 1.3.2 | 10.38 | 127.32 | 137.70 | OK | |
r-devel-linux-x86_64-debian-gcc | 1.3.2 | 7.85 | 95.33 | 103.18 | OK | |
r-devel-linux-x86_64-fedora-clang | 1.3.2 | 175.49 | NOTE | |||
r-devel-linux-x86_64-fedora-gcc | 1.3.2 | 167.77 | NOTE | |||
r-devel-windows-x86_64 | 1.3.2 | 10.00 | 113.00 | 123.00 | OK | |
r-patched-linux-x86_64 | 1.3.2 | 8.20 | 123.30 | 131.50 | OK | |
r-release-linux-x86_64 | 1.3.2 | 5.95 | 123.72 | 129.67 | OK | |
r-release-macos-arm64 | 1.3.2 | 62.00 | OK | |||
r-release-windows-x86_64 | 1.3.2 | 11.00 | 110.00 | 121.00 | OK | |
r-oldrel-macos-arm64 | 1.3.2 | 61.00 | OK | |||
r-oldrel-macos-x86_64 | 1.3.2 | 230.00 | OK | |||
r-oldrel-windows-x86_64 | 1.3.2 | 12.00 | 134.00 | 146.00 | OK |
Version: 1.3.2
Check: data for non-ASCII characters
Result: NOTE
Note: found 19 marked UTF-8 strings
Flavors: r-devel-linux-x86_64-fedora-clang, r-devel-linux-x86_64-fedora-gcc