CRAN Package Check Results for Package robreg3S

Last updated on 2025-01-19 05:49:19 CET.

Flavor Version Tinstall Tcheck Ttotal Status Flags
r-devel-linux-x86_64-debian-clang 0.3 6.42 54.27 60.69 NOTE
r-devel-linux-x86_64-debian-gcc 0.3 4.42 39.74 44.16 NOTE
r-devel-linux-x86_64-fedora-clang 0.3 100.26 OK
r-devel-linux-x86_64-fedora-gcc 0.3 96.17 OK
r-devel-windows-x86_64 0.3 9.00 68.00 77.00 NOTE
r-patched-linux-x86_64 0.3 11.10 50.23 61.33 OK
r-release-linux-x86_64 0.3 6.00 50.58 56.58 OK
r-release-macos-arm64 0.3 31.00 OK
r-release-macos-x86_64 0.3 46.00 OK
r-release-windows-x86_64 0.3 8.00 72.00 80.00 OK
r-oldrel-macos-arm64 0.3 32.00 OK
r-oldrel-macos-x86_64 0.3 50.00 OK
r-oldrel-windows-x86_64 0.3 10.00 78.00 88.00 OK

Check Details

Version: 0.3
Check: Rd cross-references
Result: NOTE Found the following Rd file(s) with Rd \link{} targets missing package anchors: robreg3S.Rd: GSE simulation-tools.Rd: generate.randcorr Please provide package anchors for all Rd \link{} targets not in the package itself and the base packages. Flavors: r-devel-linux-x86_64-debian-clang, r-devel-linux-x86_64-debian-gcc, r-devel-windows-x86_64