CRAN Package Check Results for Package robregcc

Last updated on 2025-01-19 05:49:19 CET.

Flavor Version Tinstall Tcheck Ttotal Status Flags
r-devel-linux-x86_64-debian-clang 1.1 34.31 31.88 66.19 OK
r-devel-linux-x86_64-debian-gcc 1.1 22.61 24.35 46.96 OK
r-devel-linux-x86_64-fedora-clang 1.1 113.54 OK
r-devel-linux-x86_64-fedora-gcc 1.1 123.95 OK
r-devel-windows-x86_64 1.1 34.00 74.00 108.00 NOTE
r-patched-linux-x86_64 1.1 34.15 30.81 64.96 OK
r-release-linux-x86_64 1.1 33.19 30.63 63.82 OK
r-release-macos-arm64 1.1 33.00 OK
r-release-macos-x86_64 1.1 61.00 OK
r-release-windows-x86_64 1.1 34.00 83.00 117.00 NOTE
r-oldrel-macos-arm64 1.1 38.00 NOTE
r-oldrel-macos-x86_64 1.1 54.00 OK
r-oldrel-windows-x86_64 1.1 38.00 84.00 122.00 NOTE

Check Details

Version: 1.1
Check: C++ specification
Result: NOTE Specified C++11: please drop specification unless essential Flavors: r-devel-windows-x86_64, r-release-windows-x86_64, r-oldrel-windows-x86_64

Version: 1.1
Check: installed package size
Result: NOTE installed size is 5.1Mb sub-directories of 1Mb or more: libs 4.7Mb Flavor: r-oldrel-macos-arm64