CRAN Package Check Results for Package robust

Last updated on 2019-10-19 12:47:46 CEST.

Flavor Version Tinstall Tcheck Ttotal Status Flags
r-devel-linux-x86_64-debian-clang 0.4-18.1 21.43 74.37 95.80 OK
r-devel-linux-x86_64-debian-gcc 0.4-18.1 17.17 58.48 75.65 OK
r-devel-linux-x86_64-fedora-clang 0.4-18.1 125.42 OK
r-devel-linux-x86_64-fedora-gcc 0.4-18.1 120.44 OK
r-devel-windows-ix86+x86_64 0.4-18.1 53.00 154.00 207.00 OK
r-patched-linux-x86_64 0.4-18.1 19.66 72.97 92.63 OK
r-patched-solaris-x86 0.4-18.1 143.00 ERROR
r-release-linux-x86_64 0.4-18.1 20.67 74.35 95.02 OK
r-release-windows-ix86+x86_64 0.4-18.1 54.00 160.00 214.00 OK
r-release-osx-x86_64 0.4-18.1 OK
r-oldrel-windows-ix86+x86_64 0.4-18.1 52.00 101.00 153.00 OK
r-oldrel-osx-x86_64 0.4-18.1 OK

Check Details

Version: 0.4-18.1
Check: examples
Result: ERROR
    Running examples in ‘robust-Ex.R’ failed
    The error most likely occurred in:
    
    > ### Name: overlaidDenPlot.fdfm
    > ### Title: Overlaid Density Plot
    > ### Aliases: overlaidDenPlot.fdfm
    > ### Keywords: hplot
    >
    > ### ** Examples
    >
    > data(los, package="robustbase")
    > los.fm <- fit.models(c(Robust = "fitdstnRob", MLE = "fitdstn"),
    + x = los, densfun = "gamma")
    
     *** caught segfault ***
    address 10, cause 'memory not mapped'
    
    Traceback:
     1: Tabgamma(b1, b2, alpha1, alpha2, k, A, maxta, maxtc, maxit, til, tol)
     2: gammaRob(x, ...)
     3: fitdstnRob(x = los, densfun = "gamma")
     4: eval(model.call, sys.parent())
     5: eval(model.call, sys.parent())
     6: fit.models(c(Robust = "fitdstnRob", MLE = "fitdstn"), x = los, densfun = "gamma")
    An irrecoverable exception occurred. R is aborting now ...
Flavor: r-patched-solaris-x86