Last updated on 2025-01-19 05:49:19 CET.
Flavor | Version | Tinstall | Tcheck | Ttotal | Status | Flags |
---|---|---|---|---|---|---|
r-devel-linux-x86_64-debian-clang | 0.8.1 | 87.59 | 111.13 | 198.72 | OK | |
r-devel-linux-x86_64-debian-gcc | 0.8.1 | 60.75 | 75.00 | 135.75 | OK | |
r-devel-linux-x86_64-fedora-clang | 0.8.1 | 352.12 | OK | |||
r-devel-linux-x86_64-fedora-gcc | 0.8.1 | 353.32 | OK | |||
r-devel-windows-x86_64 | 0.8.1 | 95.00 | 146.00 | 241.00 | OK | |
r-patched-linux-x86_64 | 0.8.1 | 83.84 | 100.99 | 184.83 | OK | |
r-release-linux-x86_64 | 0.8.1 | 85.87 | 100.23 | 186.10 | OK | |
r-release-macos-arm64 | 0.8.1 | 89.00 | NOTE | |||
r-release-macos-x86_64 | 0.8.1 | 183.00 | NOTE | |||
r-release-windows-x86_64 | 0.8.1 | 95.00 | 146.00 | 241.00 | OK | |
r-oldrel-macos-arm64 | 0.8.1 | 104.00 | NOTE | |||
r-oldrel-macos-x86_64 | 0.8.1 | 127.00 | NOTE | |||
r-oldrel-windows-x86_64 | 0.8.1 | 102.00 | 178.00 | 280.00 | OK |
Version: 0.8.1
Check: installed package size
Result: NOTE
installed size is 6.9Mb
sub-directories of 1Mb or more:
data 1.5Mb
libs 4.9Mb
Flavors: r-release-macos-arm64, r-release-macos-x86_64, r-oldrel-macos-arm64, r-oldrel-macos-x86_64