Last updated on 2024-04-21 13:55:44 CEST.
Flavor | Version | Tinstall | Tcheck | Ttotal | Status | Flags |
---|---|---|---|---|---|---|
r-devel-linux-x86_64-debian-clang | 0.8.0 | 118.79 | 143.90 | 262.69 | NOTE | |
r-devel-linux-x86_64-debian-gcc | 0.8.0 | 105.76 | 102.24 | 208.00 | NOTE | |
r-devel-linux-x86_64-fedora-clang | 0.8.0 | 375.96 | NOTE | |||
r-devel-linux-x86_64-fedora-gcc | 0.8.0 | 369.19 | NOTE | |||
r-prerel-macos-arm64 | 0.8.0 | 83.00 | NOTE | |||
r-prerel-windows-x86_64 | 0.8.0 | 110.00 | 149.00 | 259.00 | NOTE | |
r-patched-linux-x86_64 | 0.8.0 | 134.28 | 133.60 | 267.88 | NOTE | |
r-release-linux-x86_64 | 0.8.0 | 131.38 | 135.71 | 267.09 | OK | |
r-release-macos-arm64 | 0.8.0 | 87.00 | NOTE | |||
r-release-macos-x86_64 | 0.8.0 | 146.00 | NOTE | |||
r-release-windows-x86_64 | 0.8.0 | 131.00 | 175.00 | 306.00 | OK | |
r-oldrel-macos-arm64 | 0.8.0 | 184.00 | NOTE | |||
r-oldrel-windows-x86_64 | 0.8.0 | 129.00 | 163.00 | 292.00 | OK |
Version: 0.8.0
Check: Rd files
Result: NOTE
checkRd: (-1) coefPlot.Rd:64: Lost braces
64 | for the degrees of freedom. For code{"sparseLTS"} objects, possible values
| ^
checkRd: (-1) coefPlot.Rd:65: Lost braces
65 | are code{"lambda"} for the value of the penalty parameter (the default), or
| ^
Flavors: r-devel-linux-x86_64-debian-clang, r-devel-linux-x86_64-debian-gcc, r-devel-linux-x86_64-fedora-clang, r-devel-linux-x86_64-fedora-gcc, r-prerel-macos-arm64, r-prerel-windows-x86_64, r-patched-linux-x86_64
Version: 0.8.0
Check: installed package size
Result: NOTE
installed size is 6.9Mb
sub-directories of 1Mb or more:
data 1.5Mb
libs 4.9Mb
Flavors: r-prerel-macos-arm64, r-release-macos-arm64, r-release-macos-x86_64, r-oldrel-macos-arm64