CRAN Package Check Results for Package robustcov

Last updated on 2025-01-19 05:49:19 CET.

Flavor Version Tinstall Tcheck Ttotal Status Flags
r-devel-linux-x86_64-debian-clang 0.1 78.22 96.67 174.89 NOTE
r-devel-linux-x86_64-debian-gcc 0.1 45.16 69.68 114.84 NOTE
r-devel-linux-x86_64-fedora-clang 0.1 308.20 NOTE
r-devel-linux-x86_64-fedora-gcc 0.1 291.83 NOTE
r-devel-windows-x86_64 0.1 76.00 122.00 198.00 NOTE
r-patched-linux-x86_64 0.1 69.64 89.85 159.49 NOTE
r-release-linux-x86_64 0.1 69.43 89.93 159.36 NOTE
r-release-macos-arm64 0.1 71.00 NOTE
r-release-macos-x86_64 0.1 86.00 NOTE
r-release-windows-x86_64 0.1 73.00 121.00 194.00 NOTE
r-oldrel-macos-arm64 0.1 83.00 NOTE
r-oldrel-macos-x86_64 0.1 141.00 NOTE
r-oldrel-windows-x86_64 0.1 95.00 151.00 246.00 NOTE

Check Details

Version: 0.1
Check: C++ specification
Result: NOTE Specified C++11: please drop specification unless essential Flavors: r-devel-linux-x86_64-debian-clang, r-devel-linux-x86_64-debian-gcc, r-devel-linux-x86_64-fedora-clang, r-devel-linux-x86_64-fedora-gcc, r-devel-windows-x86_64, r-patched-linux-x86_64, r-release-linux-x86_64, r-release-macos-arm64, r-release-macos-x86_64, r-release-windows-x86_64, r-oldrel-macos-arm64, r-oldrel-macos-x86_64, r-oldrel-windows-x86_64