CRAN Package Check Results for Package robustreg

Last updated on 2019-10-20 12:46:25 CEST.

Flavor Version Tinstall Tcheck Ttotal Status Flags
r-devel-linux-x86_64-debian-clang 0.1-11 49.27 51.79 101.06 OK
r-devel-linux-x86_64-debian-gcc 0.1-11 34.99 41.72 76.71 OK
r-devel-linux-x86_64-fedora-clang 0.1-11 136.39 OK
r-devel-linux-x86_64-fedora-gcc 0.1-11 130.08 OK
r-devel-windows-ix86+x86_64 0.1-11 77.00 119.00 196.00 OK
r-patched-linux-x86_64 0.1-11 37.25 50.62 87.87 OK
r-patched-solaris-x86 0.1-11 147.60 OK
r-release-linux-x86_64 0.1-11 38.65 51.44 90.09 OK
r-release-windows-ix86+x86_64 0.1-11 105.00 135.00 240.00 OK
r-release-osx-x86_64 0.1-11 OK
r-oldrel-windows-ix86+x86_64 0.1-10 101.00 79.00 180.00 OK
r-oldrel-osx-x86_64 0.1-11 ERROR

Check Details

Version: 0.1-11
Check: package dependencies
Result: ERROR
    Package required and available but unsuitable version: ‘stats’
    
    See section ‘The DESCRIPTION file’ in the ‘Writing R Extensions’
    manual.
Flavor: r-oldrel-osx-x86_64