Last updated on 2024-04-25 18:49:40 CEST.
Flavor | Version | Tinstall | Tcheck | Ttotal | Status | Flags |
---|---|---|---|---|---|---|
r-devel-linux-x86_64-debian-clang | 0.1.0 | 2.10 | 20.27 | 22.37 | NOTE | |
r-devel-linux-x86_64-debian-gcc | 0.1.0 | 1.56 | 16.16 | 17.72 | NOTE | |
r-devel-linux-x86_64-fedora-clang | 0.1.0 | 29.39 | NOTE | |||
r-devel-linux-x86_64-fedora-gcc | 0.1.0 | 27.42 | NOTE | |||
r-devel-windows-x86_64 | 0.1.0 | 3.00 | 38.00 | 41.00 | NOTE | |
r-patched-linux-x86_64 | 0.1.0 | 2.18 | 20.37 | 22.55 | NOTE | |
r-release-linux-x86_64 | 0.1.0 | 1.74 | 20.26 | 22.00 | NOTE | |
r-release-macos-arm64 | 0.1.0 | 14.00 | NOTE | |||
r-release-windows-x86_64 | 0.1.0 | 2.00 | 38.00 | 40.00 | NOTE | |
r-oldrel-macos-arm64 | 0.1.0 | 15.00 | NOTE | |||
r-oldrel-macos-x86_64 | 0.1.0 | 18.00 | NOTE | |||
r-oldrel-windows-x86_64 | 0.1.0 | 3.00 | 36.00 | 39.00 | NOTE |
Version: 0.1.0
Check: LazyData
Result: NOTE
'LazyData' is specified without a 'data' directory
Flavors: r-devel-linux-x86_64-debian-clang, r-devel-linux-x86_64-debian-gcc, r-devel-linux-x86_64-fedora-clang, r-devel-linux-x86_64-fedora-gcc, r-devel-windows-x86_64, r-patched-linux-x86_64, r-release-linux-x86_64, r-release-macos-arm64, r-release-windows-x86_64, r-oldrel-macos-arm64, r-oldrel-macos-x86_64, r-oldrel-windows-x86_64