CRAN Package Check Results for Package rollinglda

Last updated on 2025-01-19 05:49:19 CET.

Flavor Version Tinstall Tcheck Ttotal Status Flags
r-devel-linux-x86_64-debian-clang 0.1.3 9.22 117.85 127.07 NOTE
r-devel-linux-x86_64-debian-gcc 0.1.3 6.25 75.12 81.37 NOTE
r-devel-linux-x86_64-fedora-clang 0.1.3 195.80 OK
r-devel-linux-x86_64-fedora-gcc 0.1.3 177.25 OK
r-devel-windows-x86_64 0.1.3 13.00 115.00 128.00 NOTE
r-patched-linux-x86_64 0.1.3 13.98 99.32 113.30 OK
r-release-linux-x86_64 0.1.3 8.39 98.22 106.61 OK
r-release-macos-arm64 0.1.3 63.00 OK
r-release-macos-x86_64 0.1.3 90.00 OK
r-release-windows-x86_64 0.1.3 12.00 112.00 124.00 OK
r-oldrel-macos-arm64 0.1.3 59.00 OK
r-oldrel-macos-x86_64 0.1.3 158.00 OK
r-oldrel-windows-x86_64 0.1.3 16.00 136.00 152.00 OK

Check Details

Version: 0.1.3
Check: Rd cross-references
Result: NOTE Found the following Rd file(s) with Rd \link{} targets missing package anchors: RollingLDA.Rd: LDA updateRollingLDA.Rd: LDA Please provide package anchors for all Rd \link{} targets not in the package itself and the base packages. Flavors: r-devel-linux-x86_64-debian-clang, r-devel-linux-x86_64-debian-gcc, r-devel-windows-x86_64