Last updated on 2024-05-01 16:53:08 CEST.
Flavor | Version | Tinstall | Tcheck | Ttotal | Status | Flags |
---|---|---|---|---|---|---|
r-devel-linux-x86_64-debian-clang | 0.1 | 21.00 | 68.47 | 89.47 | OK | |
r-devel-linux-x86_64-debian-gcc | 0.1 | 20.42 | 53.18 | 73.60 | OK | |
r-devel-linux-x86_64-fedora-clang | 0.1 | 119.91 | NOTE | |||
r-devel-linux-x86_64-fedora-gcc | 0.1 | 118.91 | OK | |||
r-devel-windows-x86_64 | 0.1 | 25.00 | 67.00 | 92.00 | NOTE | |
r-patched-linux-x86_64 | 0.1 | 25.56 | 64.63 | 90.19 | OK | |
r-release-linux-x86_64 | 0.1 | 22.78 | 66.90 | 89.68 | OK | |
r-release-macos-arm64 | 0.1 | 42.00 | NOTE | |||
r-release-windows-x86_64 | 0.1 | 27.00 | 65.00 | 92.00 | NOTE | |
r-oldrel-macos-arm64 | 0.1 | 47.00 | NOTE | |||
r-oldrel-macos-x86_64 | 0.1 | 81.00 | NOTE | |||
r-oldrel-windows-x86_64 | 0.1 | 32.00 | 68.00 | 100.00 | NOTE |
Version: 0.1
Check: installed package size
Result: NOTE
installed size is 6.0Mb
sub-directories of 1Mb or more:
R 3.2Mb
extdata 2.7Mb
Flavors: r-devel-linux-x86_64-fedora-clang, r-devel-windows-x86_64, r-release-macos-arm64, r-release-windows-x86_64, r-oldrel-macos-arm64, r-oldrel-macos-x86_64, r-oldrel-windows-x86_64