CRAN Package Check Results for Package romic

Last updated on 2025-01-19 05:49:19 CET.

Flavor Version Tinstall Tcheck Ttotal Status Flags
r-devel-linux-x86_64-debian-clang 1.1.3 8.64 85.41 94.05 NOTE
r-devel-linux-x86_64-debian-gcc 1.1.3 6.41 60.07 66.48 NOTE
r-devel-linux-x86_64-fedora-clang 1.1.3 150.36 NOTE
r-devel-linux-x86_64-fedora-gcc 1.1.3 165.96 NOTE
r-devel-windows-x86_64 1.1.3 12.00 108.00 120.00 NOTE
r-patched-linux-x86_64 1.1.3 9.23 77.62 86.85 NOTE
r-release-linux-x86_64 1.1.3 9.32 78.35 87.67 NOTE
r-release-macos-arm64 1.1.3 58.00 NOTE
r-release-macos-x86_64 1.1.3 89.00 NOTE
r-release-windows-x86_64 1.1.3 13.00 102.00 115.00 NOTE
r-oldrel-macos-arm64 1.1.3 54.00 OK
r-oldrel-macos-x86_64 1.1.3 109.00 OK
r-oldrel-windows-x86_64 1.1.3 16.00 119.00 135.00 OK

Additional issues

noSuggests

Check Details

Version: 1.1.3
Check: Rd files
Result: NOTE checkRd: (-1) update_tidy_omic.Rd:16-17: Lost braces 16 | in \code{updated_tidy_data} (names) and the table {features, samples, | ^ Flavors: r-devel-linux-x86_64-debian-clang, r-devel-linux-x86_64-debian-gcc, r-devel-linux-x86_64-fedora-clang, r-devel-linux-x86_64-fedora-gcc, r-devel-windows-x86_64, r-patched-linux-x86_64, r-release-linux-x86_64, r-release-macos-arm64, r-release-macos-x86_64, r-release-windows-x86_64