Last updated on 2025-01-19 05:49:19 CET.
Flavor | Version | Tinstall | Tcheck | Ttotal | Status | Flags |
---|---|---|---|---|---|---|
r-devel-linux-x86_64-debian-clang | 0.7-3 | 182.17 | 135.58 | 317.75 | OK | |
r-devel-linux-x86_64-debian-gcc | 0.7-3 | 122.56 | 88.20 | 210.76 | OK | |
r-devel-linux-x86_64-fedora-clang | 0.7-3 | 692.64 | OK | |||
r-devel-linux-x86_64-fedora-gcc | 0.7-3 | 643.91 | OK | |||
r-devel-windows-x86_64 | 0.7-3 | 192.00 | 177.00 | 369.00 | OK | |
r-patched-linux-x86_64 | 0.7-3 | 176.65 | 129.13 | 305.78 | OK | |
r-release-linux-x86_64 | 0.7-3 | 177.37 | 129.26 | 306.63 | OK | |
r-release-macos-arm64 | 0.7-3 | 125.00 | NOTE | |||
r-release-macos-x86_64 | 0.7-3 | 168.00 | NOTE | |||
r-release-windows-x86_64 | 0.7-3 | 190.00 | 170.00 | 360.00 | OK | |
r-oldrel-macos-arm64 | 0.7-3 | 138.00 | NOTE | |||
r-oldrel-macos-x86_64 | 0.7-3 | 247.00 | NOTE | |||
r-oldrel-windows-x86_64 | 0.7-3 | 217.00 | 209.00 | 426.00 | OK |
Version: 0.7-3
Check: installed package size
Result: NOTE
installed size is 5.3Mb
sub-directories of 1Mb or more:
libs 4.8Mb
Flavors: r-release-macos-arm64, r-release-macos-x86_64, r-oldrel-macos-arm64, r-oldrel-macos-x86_64