CRAN Package Check Results for Package rpms

Last updated on 2018-06-19 12:49:35 CEST.

Flavor Version Tinstall Tcheck Ttotal Status Flags
r-devel-linux-x86_64-debian-clang 0.3.0 53.30 52.75 106.05 OK
r-devel-linux-x86_64-debian-gcc 0.3.0 50.79 42.74 93.53 OK
r-devel-linux-x86_64-fedora-clang 0.3.0 150.86 NOTE
r-devel-linux-x86_64-fedora-gcc 0.3.0 139.54 OK
r-devel-windows-ix86+x86_64 0.3.0 146.00 110.00 256.00 NOTE
r-patched-linux-x86_64 0.3.0 59.86 50.51 110.37 OK
r-patched-solaris-x86 0.3.0 156.50 OK
r-release-linux-x86_64 0.3.0 56.70 50.53 107.23 OK
r-release-windows-ix86+x86_64 0.3.0 97.00 139.00 236.00 NOTE
r-release-osx-x86_64 0.3.0 NOTE
r-oldrel-windows-ix86+x86_64 0.3.0 100.00 143.00 243.00 NOTE
r-oldrel-osx-x86_64 0.3.0 NOTE

Additional issues

clang-UBSAN

Check Details

Version: 0.3.0
Check: installed package size
Result: NOTE
     installed size is 8.4Mb
     sub-directories of 1Mb or more:
     data 2.4Mb
     libs 4.2Mb
Flavors: r-devel-linux-x86_64-fedora-clang, r-devel-windows-ix86+x86_64, r-release-windows-ix86+x86_64, r-release-osx-x86_64, r-oldrel-windows-ix86+x86_64, r-oldrel-osx-x86_64