CRAN Package Check Results for Package rpms

Last updated on 2018-09-22 12:50:59 CEST.

Flavor Version Tinstall Tcheck Ttotal Status Flags
r-devel-linux-x86_64-debian-clang 0.3.0 63.24 53.48 116.72 OK
r-devel-linux-x86_64-debian-gcc 0.3.0 53.34 43.82 97.16 OK
r-devel-linux-x86_64-fedora-clang 0.3.0 159.12 NOTE
r-devel-linux-x86_64-fedora-gcc 0.3.0 150.14 OK
r-devel-windows-ix86+x86_64 0.3.0 145.00 128.00 273.00 NOTE
r-patched-linux-x86_64 0.3.0 67.85 50.60 118.45 OK
r-patched-solaris-x86 0.3.0 156.20 OK
r-release-linux-x86_64 0.3.0 67.97 50.99 118.96 OK
r-release-windows-ix86+x86_64 0.3.0 109.00 149.00 258.00 NOTE
r-release-osx-x86_64 0.3.0 NOTE
r-oldrel-windows-ix86+x86_64 0.3.0 107.00 154.00 261.00 NOTE
r-oldrel-osx-x86_64 0.3.0 NOTE

Additional issues

clang-UBSAN

Check Details

Version: 0.3.0
Check: installed package size
Result: NOTE
     installed size is 8.7Mb
     sub-directories of 1Mb or more:
     data 2.4Mb
     libs 4.5Mb
Flavors: r-devel-linux-x86_64-fedora-clang, r-devel-windows-ix86+x86_64, r-release-windows-ix86+x86_64, r-release-osx-x86_64, r-oldrel-windows-ix86+x86_64, r-oldrel-osx-x86_64