CRAN Package Check Results for Package rpms

Last updated on 2018-12-11 12:48:27 CET.

Flavor Version Tinstall Tcheck Ttotal Status Flags
r-devel-linux-x86_64-debian-clang 0.3.0 61.68 52.02 113.70 OK
r-devel-linux-x86_64-debian-gcc 0.3.0 53.60 42.83 96.43 OK
r-devel-linux-x86_64-fedora-clang 0.3.0 158.16 NOTE
r-devel-linux-x86_64-fedora-gcc 0.3.0 150.75 OK
r-devel-windows-ix86+x86_64 0.3.0 133.00 122.00 255.00 NOTE
r-patched-linux-x86_64 0.3.0 63.49 49.99 113.48 OK
r-patched-solaris-x86 0.3.0 170.70 OK
r-release-linux-x86_64 0.3.0 64.32 51.10 115.42 OK
r-release-windows-ix86+x86_64 0.3.0 137.00 115.00 252.00 NOTE
r-release-osx-x86_64 0.3.0 NOTE
r-oldrel-windows-ix86+x86_64 0.3.0 100.00 141.00 241.00 NOTE
r-oldrel-osx-x86_64 0.3.0 NOTE

Additional issues

clang-UBSAN

Check Details

Version: 0.3.0
Check: installed package size
Result: NOTE
     installed size is 8.7Mb
     sub-directories of 1Mb or more:
     data 2.4Mb
     libs 4.5Mb
Flavors: r-devel-linux-x86_64-fedora-clang, r-devel-windows-ix86+x86_64, r-release-windows-ix86+x86_64, r-release-osx-x86_64, r-oldrel-windows-ix86+x86_64, r-oldrel-osx-x86_64