CRAN Package Check Results for Package rpms

Last updated on 2018-01-18 12:47:46 CET.

Flavor Version Tinstall Tcheck Ttotal Status Flags
r-devel-linux-x86_64-debian-clang 0.2.1 52.47 54.98 107.45 OK
r-devel-linux-x86_64-debian-gcc 0.2.1 45.13 48.97 94.10 OK
r-devel-linux-x86_64-fedora-clang 0.2.1 154.45 NOTE
r-devel-linux-x86_64-fedora-gcc 0.2.1 150.58 NOTE
r-devel-windows-ix86+x86_64 0.2.1 150.00 162.00 312.00 OK
r-patched-linux-x86_64 0.2.1 58.91 59.86 118.77 OK
r-patched-solaris-x86 0.2.1 180.70 OK
r-release-linux-x86_64 0.2.1 61.21 59.73 120.94 OK
r-release-windows-ix86+x86_64 0.2.1 103.00 161.00 264.00 OK
r-release-osx-x86_64 0.2.1 NOTE
r-oldrel-windows-ix86+x86_64 0.2.1 150.00 154.00 304.00 OK
r-oldrel-osx-x86_64 0.2.1 NOTE

Check Details

Version: 0.2.1
Check: installed package size
Result: NOTE
     installed size is 5.3Mb
     sub-directories of 1Mb or more:
     libs 3.2Mb
Flavors: r-devel-linux-x86_64-fedora-clang, r-devel-linux-x86_64-fedora-gcc, r-oldrel-osx-x86_64

Version: 0.2.1
Check: re-building of vignette outputs
Result: NOTE
    Error in re-building vignettes:
     ...
    Error in texi2dvi(file = file, pdf = TRUE, clean = clean, quiet = quiet, :
     Running 'texi2dvi' on 'rpms_2017_02_10.tex' failed.
    LaTeX errors:
    ! LaTeX Error: File `tikz-qtree.sty' not found.
    
    Type X to quit or <RETURN> to proceed,
    or enter new name. (Default extension: sty)
    
    ! Emergency stop.
    <read *>
    
    l.14 ^^M
    
    ! ==> Fatal error occurred, no output PDF file produced!
    Calls: buildVignettes -> texi2pdf -> texi2dvi
    Execution halted
Flavor: r-release-osx-x86_64