Last updated on 2024-05-01 16:53:09 CEST.
Flavor | Version | Tinstall | Tcheck | Ttotal | Status | Flags |
---|---|---|---|---|---|---|
r-devel-linux-x86_64-debian-clang | 0.1.0 | 3.57 | 48.24 | 51.81 | OK | |
r-devel-linux-x86_64-debian-gcc | 0.1.0 | 3.33 | 36.67 | 40.00 | OK | |
r-devel-linux-x86_64-fedora-clang | 0.1.0 | 67.07 | NOTE | |||
r-devel-linux-x86_64-fedora-gcc | 0.1.0 | 74.78 | OK | |||
r-devel-windows-x86_64 | 0.1.0 | 7.00 | 60.00 | 67.00 | OK | |
r-patched-linux-x86_64 | 0.1.0 | 9.19 | 43.20 | 52.39 | OK | |
r-release-linux-x86_64 | 0.1.0 | 4.52 | 46.62 | 51.14 | OK | |
r-release-macos-arm64 | 0.1.0 | 42.00 | OK | |||
r-release-windows-x86_64 | 0.1.0 | 7.00 | 60.00 | 67.00 | OK | |
r-oldrel-macos-arm64 | 0.1.0 | 33.00 | OK | |||
r-oldrel-macos-x86_64 | 0.1.0 | 45.00 | OK | |||
r-oldrel-windows-x86_64 | 0.1.0 | 7.00 | 64.00 | 71.00 | OK |
Version: 0.1.0
Check: Rd cross-references
Result: NOTE
Undeclared package ‘htmlwidgets’ in Rd xrefs
Flavor: r-devel-linux-x86_64-fedora-clang