CRAN Package Check Results for Package rpredictit

Last updated on 2025-01-19 05:49:19 CET.

Flavor Version Tinstall Tcheck Ttotal Status Flags
r-devel-linux-x86_64-debian-clang 0.1.0 3.53 38.47 42.00 NOTE
r-devel-linux-x86_64-debian-gcc 0.1.0 2.28 29.44 31.72 NOTE
r-devel-linux-x86_64-fedora-clang 0.1.0 67.96 OK
r-devel-linux-x86_64-fedora-gcc 0.1.0 77.06 OK
r-devel-windows-x86_64 0.1.0 7.00 63.00 70.00 NOTE
r-patched-linux-x86_64 0.1.0 7.28 36.58 43.86 OK
r-release-linux-x86_64 0.1.0 3.44 35.49 38.93 OK
r-release-macos-arm64 0.1.0 42.00 OK
r-release-macos-x86_64 0.1.0 49.00 OK
r-release-windows-x86_64 0.1.0 6.00 60.00 66.00 OK
r-oldrel-macos-arm64 0.1.0 33.00 OK
r-oldrel-macos-x86_64 0.1.0 45.00 OK
r-oldrel-windows-x86_64 0.1.0 6.00 66.00 72.00 OK

Check Details

Version: 0.1.0
Check: Rd cross-references
Result: NOTE Found the following Rd file(s) with Rd \link{} targets missing package anchors: all_markets.Rd: tibble format_market_data.Rd: tibble historical_plot.Rd: xts markets_table.Rd: shiny, tibble parse_historical_csv.Rd: xts single_market.Rd: tibble tweet_markets.Rd: tibble Please provide package anchors for all Rd \link{} targets not in the package itself and the base packages. Flavors: r-devel-linux-x86_64-debian-clang, r-devel-linux-x86_64-debian-gcc, r-devel-windows-x86_64