Last updated on 2024-04-17 13:57:42 CEST.
Flavor | Version | Tinstall | Tcheck | Ttotal | Status | Flags |
---|---|---|---|---|---|---|
r-devel-linux-x86_64-debian-clang | 2.1.0 | 2.83 | 30.27 | 33.10 | NOTE | |
r-devel-linux-x86_64-debian-gcc | 2.1.0 | 2.13 | 24.10 | 26.23 | NOTE | |
r-devel-linux-x86_64-fedora-clang | 2.1.0 | 43.98 | NOTE | |||
r-devel-linux-x86_64-fedora-gcc | 2.1.0 | 53.76 | NOTE | |||
r-prerel-macos-arm64 | 2.1.0 | 29.00 | NOTE | |||
r-prerel-windows-x86_64 | 2.1.0 | 4.00 | 49.00 | 53.00 | NOTE | |
r-patched-linux-x86_64 | 2.1.0 | 2.20 | 30.01 | 32.21 | NOTE | |
r-release-linux-x86_64 | 2.1.0 | 1.60 | 28.86 | 30.46 | OK | |
r-release-macos-arm64 | 2.1.0 | 25.00 | OK | |||
r-release-macos-x86_64 | 2.1.0 | 35.00 | OK | |||
r-release-windows-x86_64 | 2.1.0 | 5.00 | 48.00 | 53.00 | OK | |
r-oldrel-macos-arm64 | 2.1.0 | 23.00 | OK | |||
r-oldrel-windows-x86_64 | 2.1.0 | 5.00 | 49.00 | 54.00 | OK |
Version: 2.1.0
Check: Rd files
Result: NOTE
checkRd: (-1) lateformeeting.Rd:10: Lost braces in \itemize; meant \describe ?
checkRd: (-1) lateformeeting.Rd:11: Lost braces in \itemize; meant \describe ?
checkRd: (-1) lateformeeting.Rd:12: Lost braces in \itemize; meant \describe ?
checkRd: (-1) lateformeeting.Rd:13: Lost braces in \itemize; meant \describe ?
checkRd: (-1) lfm_clean.Rd:10: Lost braces in \itemize; meant \describe ?
checkRd: (-1) lfm_clean.Rd:11: Lost braces in \itemize; meant \describe ?
checkRd: (-1) lfm_clean.Rd:12: Lost braces in \itemize; meant \describe ?
checkRd: (-1) lfm_clean.Rd:13: Lost braces in \itemize; meant \describe ?
Flavors: r-devel-linux-x86_64-debian-clang, r-devel-linux-x86_64-debian-gcc, r-devel-linux-x86_64-fedora-clang, r-devel-linux-x86_64-fedora-gcc, r-prerel-macos-arm64, r-prerel-windows-x86_64, r-patched-linux-x86_64