CRAN Package Check Results for Package rrr

Last updated on 2025-01-19 05:49:19 CET.

Flavor Version Tinstall Tcheck Ttotal Status Flags
r-devel-linux-x86_64-debian-clang 1.0.0 7.05 85.52 92.57 OK
r-devel-linux-x86_64-debian-gcc 1.0.0 5.63 62.74 68.37 OK
r-devel-linux-x86_64-fedora-clang 1.0.0 150.43 NOTE
r-devel-linux-x86_64-fedora-gcc 1.0.0 169.73 NOTE
r-devel-windows-x86_64 1.0.0 8.00 114.00 122.00 OK
r-patched-linux-x86_64 1.0.0 7.09 81.16 88.25 OK
r-release-linux-x86_64 1.0.0 7.37 80.72 88.09 OK
r-release-macos-arm64 1.0.0 52.00 OK
r-release-macos-x86_64 1.0.0 71.00 OK
r-release-windows-x86_64 1.0.0 8.00 103.00 111.00 OK
r-oldrel-macos-arm64 1.0.0 49.00 OK
r-oldrel-macos-x86_64 1.0.0 81.00 OK
r-oldrel-windows-x86_64 1.0.0 11.00 127.00 138.00 OK

Check Details

Version: 1.0.0
Check: dependencies in R code
Result: NOTE Namespace in Imports field not imported from: ‘Rcpp’ All declared Imports should be used. Flavors: r-devel-linux-x86_64-fedora-clang, r-devel-linux-x86_64-fedora-gcc