CRAN Package Check Results for Package rrscale

Last updated on 2025-01-19 05:49:19 CET.

Flavor Version Tinstall Tcheck Ttotal Status Flags
r-devel-linux-x86_64-debian-clang 1.0 2.29 43.27 45.56 OK
r-devel-linux-x86_64-debian-gcc 1.0 1.70 31.59 33.29 OK
r-devel-linux-x86_64-fedora-clang 1.0 75.36 NOTE
r-devel-linux-x86_64-fedora-gcc 1.0 85.79 NOTE
r-devel-windows-x86_64 1.0 4.00 63.00 67.00 OK
r-patched-linux-x86_64 1.0 2.26 40.65 42.91 NOTE
r-release-linux-x86_64 1.0 2.29 41.09 43.38 NOTE
r-release-macos-arm64 1.0 31.00 NOTE
r-release-macos-x86_64 1.0 50.00 NOTE
r-release-windows-x86_64 1.0 4.00 61.00 65.00 NOTE
r-oldrel-macos-arm64 1.0 29.00 NOTE
r-oldrel-macos-x86_64 1.0 51.00 NOTE
r-oldrel-windows-x86_64 1.0 5.00 68.00 73.00 NOTE

Check Details

Version: 1.0
Check: dependencies in R code
Result: NOTE Namespace in Imports field not imported from: ‘abind’ All declared Imports should be used. Flavors: r-devel-linux-x86_64-fedora-clang, r-devel-linux-x86_64-fedora-gcc

Version: 1.0
Check: LazyData
Result: NOTE 'LazyData' is specified without a 'data' directory Flavors: r-patched-linux-x86_64, r-release-linux-x86_64, r-release-macos-arm64, r-release-macos-x86_64, r-release-windows-x86_64, r-oldrel-macos-arm64, r-oldrel-macos-x86_64, r-oldrel-windows-x86_64