Last updated on 2025-01-19 05:49:19 CET.
Flavor | Version | Tinstall | Tcheck | Ttotal | Status | Flags |
---|---|---|---|---|---|---|
r-devel-linux-x86_64-debian-clang | 0.2.19 | 0.32 | 1.67 | 1.99 | ERROR | |
r-devel-linux-x86_64-debian-gcc | 0.2.19 | 3.79 | 26.42 | 30.21 | OK | |
r-devel-linux-x86_64-fedora-clang | 0.2.19 | 71.71 | NOTE | |||
r-devel-linux-x86_64-fedora-gcc | 0.2.19 | 67.82 | NOTE | |||
r-devel-windows-x86_64 | 0.2.19 | 8.00 | 46.00 | 54.00 | OK | |
r-patched-linux-x86_64 | 0.2.19 | 0.19 | 1.78 | 1.97 | ERROR | |
r-release-linux-x86_64 | 0.2.19 | 0.29 | 1.62 | 1.91 | ERROR | |
r-release-macos-arm64 | 0.2.19 | 26.00 | NOTE | |||
r-release-macos-x86_64 | 0.2.19 | 32.00 | NOTE | |||
r-release-windows-x86_64 | 0.2.19 | 6.00 | 45.00 | 51.00 | NOTE | |
r-oldrel-macos-arm64 | 0.2.19 | 25.00 | NOTE | |||
r-oldrel-macos-x86_64 | 0.2.19 | 37.00 | NOTE | |||
r-oldrel-windows-x86_64 | 0.2.19 | 9.00 | 56.00 | 65.00 | NOTE |
Version: 0.2.19
Check: package dependencies
Result: ERROR
Package required but not available: ‘h2o’
See section ‘The DESCRIPTION file’ in the ‘Writing R Extensions’
manual.
Flavors: r-devel-linux-x86_64-debian-clang, r-patched-linux-x86_64, r-release-linux-x86_64
Version: 0.2.19
Check: dependencies in R code
Result: NOTE
Namespace in Imports field not imported from: ‘h2o’
All declared Imports should be used.
Flavors: r-devel-linux-x86_64-fedora-clang, r-devel-linux-x86_64-fedora-gcc
Version: 0.2.19
Check: LazyData
Result: NOTE
'LazyData' is specified without a 'data' directory
Flavors: r-release-macos-arm64, r-release-macos-x86_64, r-release-windows-x86_64, r-oldrel-macos-arm64, r-oldrel-macos-x86_64, r-oldrel-windows-x86_64