Last updated on 2025-01-19 05:49:19 CET.
Flavor | Version | Tinstall | Tcheck | Ttotal | Status | Flags |
---|---|---|---|---|---|---|
r-devel-linux-x86_64-debian-clang | 1.0.4 | 4.99 | 54.24 | 59.23 | OK | |
r-devel-linux-x86_64-debian-gcc | 1.0.4 | 3.74 | 39.33 | 43.07 | OK | |
r-devel-linux-x86_64-fedora-clang | 1.0.4 | 96.94 | OK | |||
r-devel-linux-x86_64-fedora-gcc | 1.0.4 | 105.40 | OK | |||
r-devel-windows-x86_64 | 1.0.4 | 6.00 | 88.00 | 94.00 | OK | |
r-patched-linux-x86_64 | 1.0.4 | 4.19 | 50.27 | 54.46 | NOTE | |
r-release-linux-x86_64 | 1.0.4 | 4.77 | 50.42 | 55.19 | NOTE | |
r-release-macos-arm64 | 1.0.4 | 52.00 | NOTE | |||
r-release-macos-x86_64 | 1.0.4 | 75.00 | NOTE | |||
r-release-windows-x86_64 | 1.0.4 | 8.00 | 83.00 | 91.00 | NOTE | |
r-oldrel-macos-arm64 | 1.0.4 | 46.00 | NOTE | |||
r-oldrel-macos-x86_64 | 1.0.4 | 64.00 | NOTE | |||
r-oldrel-windows-x86_64 | 1.0.4 | 7.00 | 97.00 | 104.00 | NOTE |
Version: 1.0.4
Check: LazyData
Result: NOTE
'LazyData' is specified without a 'data' directory
Flavors: r-patched-linux-x86_64, r-release-linux-x86_64, r-release-macos-arm64, r-release-macos-x86_64, r-release-windows-x86_64, r-oldrel-macos-arm64, r-oldrel-macos-x86_64, r-oldrel-windows-x86_64