Last updated on 2024-04-24 19:55:22 CEST.
Flavor | Version | Tinstall | Tcheck | Ttotal | Status | Flags |
---|---|---|---|---|---|---|
r-devel-linux-x86_64-debian-clang | 0.1.5 | 196.60 | 229.88 | 426.48 | NOTE | |
r-devel-linux-x86_64-debian-gcc | 0.1.5 | 168.60 | 177.68 | 346.28 | NOTE | |
r-devel-linux-x86_64-fedora-clang | 0.1.5 | 509.61 | NOTE | |||
r-devel-linux-x86_64-fedora-gcc | 0.1.5 | 589.32 | NOTE | |||
r-devel-windows-x86_64 | 0.1.5 | 137.00 | 202.00 | 339.00 | NOTE | |
r-patched-linux-x86_64 | 0.1.5 | 0.01 | 2.47 | 2.48 | ERROR | |
r-release-linux-x86_64 | 0.1.5 | 145.60 | 228.59 | 374.19 | NOTE | |
r-release-macos-arm64 | 0.1.5 | 242.00 | NOTE | |||
r-release-windows-x86_64 | 0.1.5 | 145.00 | 196.00 | 341.00 | NOTE | |
r-oldrel-macos-arm64 | 0.1.5 | 177.00 | NOTE | |||
r-oldrel-macos-x86_64 | 0.1.5 | 348.00 | NOTE | |||
r-oldrel-windows-x86_64 | 0.1.5 | 181.00 | 239.00 | 420.00 | NOTE |
Version: 0.1.5
Check: for GNU extensions in Makefiles
Result: NOTE
GNU make is a SystemRequirements.
Flavors: r-devel-linux-x86_64-debian-clang, r-devel-linux-x86_64-debian-gcc, r-devel-linux-x86_64-fedora-clang, r-devel-linux-x86_64-fedora-gcc, r-devel-windows-x86_64, r-release-linux-x86_64, r-release-macos-arm64, r-release-windows-x86_64, r-oldrel-macos-arm64, r-oldrel-macos-x86_64, r-oldrel-windows-x86_64
Version: 0.1.5
Check: whether package can be installed
Result: ERROR
Installation failed.
Flavor: r-patched-linux-x86_64
Version: 0.1.5
Check: installed package size
Result: NOTE
installed size is 36.6Mb
sub-directories of 1Mb or more:
libs 36.0Mb
Flavors: r-release-macos-arm64, r-oldrel-macos-arm64, r-oldrel-macos-x86_64