Last updated on 2025-01-19 05:49:19 CET.
Flavor | Version | Tinstall | Tcheck | Ttotal | Status | Flags |
---|---|---|---|---|---|---|
r-devel-linux-x86_64-debian-clang | 0.1.7 | 236.80 | 190.84 | 427.64 | OK | |
r-devel-linux-x86_64-debian-gcc | 0.1.7 | 245.00 | 147.70 | 392.70 | OK | |
r-devel-linux-x86_64-fedora-clang | 0.1.7 | 692.68 | OK | |||
r-devel-linux-x86_64-fedora-gcc | 0.1.7 | 906.60 | OK | |||
r-devel-windows-x86_64 | 0.1.7 | 233.00 | 229.00 | 462.00 | OK | |
r-patched-linux-x86_64 | 0.1.7 | 264.63 | 205.84 | 470.47 | NOTE | |
r-release-linux-x86_64 | 0.1.7 | 298.62 | 205.88 | 504.50 | NOTE | |
r-release-macos-arm64 | 0.1.7 | 177.00 | NOTE | |||
r-release-macos-x86_64 | 0.1.7 | 275.00 | NOTE | |||
r-release-windows-x86_64 | 0.1.7 | 234.00 | 225.00 | 459.00 | NOTE | |
r-oldrel-macos-arm64 | 0.1.7 | 174.00 | NOTE | |||
r-oldrel-macos-x86_64 | 0.1.7 | 277.00 | NOTE | |||
r-oldrel-windows-x86_64 | 0.1.7 | 305.00 | 277.00 | 582.00 | NOTE |
Version: 0.1.7
Check: for GNU extensions in Makefiles
Result: NOTE
GNU make is a SystemRequirements.
Flavors: r-patched-linux-x86_64, r-release-linux-x86_64, r-release-macos-arm64, r-release-macos-x86_64, r-release-windows-x86_64, r-oldrel-macos-arm64, r-oldrel-macos-x86_64, r-oldrel-windows-x86_64
Version: 0.1.7
Check: installed package size
Result: NOTE
installed size is 57.4Mb
sub-directories of 1Mb or more:
libs 56.7Mb
Flavors: r-release-macos-arm64, r-release-macos-x86_64, r-oldrel-macos-arm64, r-oldrel-macos-x86_64