CRAN Package Check Results for Package rsvd

Last updated on 2020-02-28 12:47:37 CET.

Flavor Version Tinstall Tcheck Ttotal Status Flags
r-devel-linux-x86_64-debian-clang 1.0.3 11.80 73.76 85.56 OK
r-devel-linux-x86_64-debian-gcc 1.0.3 11.57 55.36 66.93 OK
r-devel-linux-x86_64-fedora-clang 1.0.3 104.33 NOTE
r-devel-linux-x86_64-fedora-gcc 1.0.3 101.80 OK
r-devel-windows-ix86+x86_64 1.0.3 25.00 111.00 136.00 NOTE
r-devel-windows-ix86+x86_64-gcc8 1.0.3 23.00 81.00 104.00 NOTE
r-patched-linux-x86_64 1.0.3 11.55 64.21 75.76 OK
r-patched-solaris-x86 1.0.3 159.30 NOTE
r-release-linux-x86_64 1.0.3 11.48 66.24 77.72 OK
r-release-windows-ix86+x86_64 1.0.3 16.00 99.00 115.00 NOTE
r-release-osx-x86_64 1.0.3 NOTE
r-oldrel-windows-ix86+x86_64 1.0.3 14.00 78.00 92.00 NOTE
r-oldrel-osx-x86_64 1.0.3 NOTE

Check Details

Version: 1.0.3
Check: installed package size
Result: NOTE
     installed size is 6.1Mb
     sub-directories of 1Mb or more:
     data 5.9Mb
Flavors: r-devel-linux-x86_64-fedora-clang, r-devel-windows-ix86+x86_64, r-devel-windows-ix86+x86_64-gcc8, r-patched-solaris-x86, r-release-windows-ix86+x86_64, r-release-osx-x86_64, r-oldrel-windows-ix86+x86_64, r-oldrel-osx-x86_64