CRAN Package Check Results for Package rsvd

Last updated on 2019-10-13 12:46:24 CEST.

Flavor Version Tinstall Tcheck Ttotal Status Flags
r-devel-linux-x86_64-debian-clang 1.0.2 11.77 64.96 76.73 OK
r-devel-linux-x86_64-debian-gcc 1.0.2 10.70 51.72 62.42 OK
r-devel-linux-x86_64-fedora-clang 1.0.2 99.23 NOTE
r-devel-linux-x86_64-fedora-gcc 1.0.2 94.52 OK
r-devel-windows-ix86+x86_64 1.0.2 19.00 101.00 120.00 NOTE
r-patched-linux-x86_64 1.0.2 10.89 62.35 73.24 OK
r-patched-solaris-x86 1.0.2 156.70 NOTE
r-release-linux-x86_64 1.0.2 12.29 64.29 76.58 OK
r-release-windows-ix86+x86_64 1.0.2 24.00 70.00 94.00 NOTE
r-release-osx-x86_64 1.0.2 NOTE
r-oldrel-windows-ix86+x86_64 1.0.2 12.00 74.00 86.00 NOTE
r-oldrel-osx-x86_64 1.0.2 NOTE

Check Details

Version: 1.0.2
Check: installed package size
Result: NOTE
     installed size is 6.1Mb
     sub-directories of 1Mb or more:
     data 5.9Mb
Flavors: r-devel-linux-x86_64-fedora-clang, r-devel-windows-ix86+x86_64, r-patched-solaris-x86, r-release-windows-ix86+x86_64, r-release-osx-x86_64, r-oldrel-windows-ix86+x86_64, r-oldrel-osx-x86_64