CRAN Package Check Results for Package rsvddpd

Last updated on 2025-01-19 05:49:19 CET.

Flavor Version Tinstall Tcheck Ttotal Status Flags
r-devel-linux-x86_64-debian-clang 1.0.0 22.41 30.16 52.57 NOTE
r-devel-linux-x86_64-debian-gcc 1.0.0 15.63 23.96 39.59 NOTE
r-devel-linux-x86_64-fedora-clang 1.0.0 96.87 NOTE
r-devel-linux-x86_64-fedora-gcc 1.0.0 114.70 NOTE
r-devel-windows-x86_64 1.0.0 25.00 68.00 93.00 NOTE
r-patched-linux-x86_64 1.0.0 23.80 28.72 52.52 NOTE
r-release-linux-x86_64 1.0.0 22.55 28.25 50.80 NOTE
r-release-macos-arm64 1.0.0 36.00 NOTE
r-release-macos-x86_64 1.0.0 51.00 NOTE
r-release-windows-x86_64 1.0.0 25.00 71.00 96.00 NOTE
r-oldrel-macos-arm64 1.0.0 34.00 NOTE
r-oldrel-macos-x86_64 1.0.0 64.00 NOTE
r-oldrel-windows-x86_64 1.0.0 30.00 80.00 110.00 NOTE

Check Details

Version: 1.0.0
Check: C++ specification
Result: NOTE Specified C++11: please drop specification unless essential Flavors: r-devel-linux-x86_64-debian-clang, r-devel-linux-x86_64-debian-gcc, r-devel-linux-x86_64-fedora-clang, r-devel-linux-x86_64-fedora-gcc, r-devel-windows-x86_64, r-patched-linux-x86_64, r-release-linux-x86_64, r-release-macos-arm64, r-release-macos-x86_64, r-release-windows-x86_64, r-oldrel-macos-arm64, r-oldrel-macos-x86_64, r-oldrel-windows-x86_64