Last updated on 2025-01-19 05:49:19 CET.
Flavor | Version | Tinstall | Tcheck | Ttotal | Status | Flags |
---|---|---|---|---|---|---|
r-devel-linux-x86_64-debian-clang | 9.3.18 | 348.94 | 31.56 | 380.50 | OK | |
r-devel-linux-x86_64-debian-gcc | 9.3.18 | 304.71 | 25.49 | 330.20 | OK | |
r-devel-linux-x86_64-fedora-clang | 9.3.18 | 592.34 | OK | |||
r-devel-linux-x86_64-fedora-gcc | 9.3.18 | 717.83 | OK | |||
r-devel-windows-x86_64 | 9.3.18 | 1226.00 | 80.00 | 1306.00 | OK | |
r-patched-linux-x86_64 | 9.3.18 | 350.47 | 30.52 | 380.99 | NOTE | |
r-release-linux-x86_64 | 9.3.18 | 347.35 | 30.73 | 378.08 | NOTE | |
r-release-macos-arm64 | 9.3.18 | 258.00 | NOTE | |||
r-release-macos-x86_64 | 9.3.18 | 419.00 | NOTE | |||
r-release-windows-x86_64 | 9.3.18 | 1232.00 | 68.00 | 1300.00 | NOTE | |
r-oldrel-macos-arm64 | 9.3.18 | 247.00 | NOTE | |||
r-oldrel-macos-x86_64 | 9.3.18 | 416.00 | NOTE | |||
r-oldrel-windows-x86_64 | 9.3.18 | 1356.00 | 80.00 | 1436.00 | NOTE |
Version: 9.3.18
Check: for GNU extensions in Makefiles
Result: NOTE
GNU make is a SystemRequirements.
Flavors: r-patched-linux-x86_64, r-release-linux-x86_64, r-release-macos-arm64, r-release-macos-x86_64, r-release-windows-x86_64, r-oldrel-macos-arm64, r-oldrel-macos-x86_64, r-oldrel-windows-x86_64
Version: 9.3.18
Check: installed package size
Result: NOTE
installed size is 26.5Mb
sub-directories of 1Mb or more:
swipl 26.1Mb
Flavors: r-release-macos-arm64, r-release-macos-x86_64, r-release-windows-x86_64, r-oldrel-macos-arm64, r-oldrel-macos-x86_64, r-oldrel-windows-x86_64