Last updated on 2025-01-19 05:49:19 CET.
Flavor | Version | Tinstall | Tcheck | Ttotal | Status | Flags |
---|---|---|---|---|---|---|
r-devel-linux-x86_64-debian-clang | 0.4-14.1 | 2.17 | 39.50 | 41.67 | NOTE | |
r-devel-linux-x86_64-debian-gcc | 0.4-14.1 | 2.02 | 31.65 | 33.67 | NOTE | |
r-devel-linux-x86_64-fedora-clang | 0.4-14.1 | 69.82 | NOTE | |||
r-devel-linux-x86_64-fedora-gcc | 0.4-14.1 | 81.61 | NOTE | |||
r-devel-windows-x86_64 | 0.4-14.1 | 4.00 | 76.00 | 80.00 | OK | |
r-patched-linux-x86_64 | 0.4-14.1 | 3.32 | 38.68 | 42.00 | NOTE | |
r-release-linux-x86_64 | 0.4-14.1 | 2.81 | 38.31 | 41.12 | NOTE | |
r-release-macos-arm64 | 0.4-14.1 | 30.00 | OK | |||
r-release-macos-x86_64 | 0.4-14.1 | 56.00 | OK | |||
r-release-windows-x86_64 | 0.4-14.1 | 4.00 | 77.00 | 81.00 | OK | |
r-oldrel-macos-arm64 | 0.4-14.1 | 33.00 | OK | |||
r-oldrel-macos-x86_64 | 0.4-14.1 | 56.00 | OK | |||
r-oldrel-windows-x86_64 | 0.4-14.1 | 4.00 | 75.00 | 79.00 | OK |
Version: 0.4-14.1
Check: for non-standard things in the check directory
Result: NOTE
Found the following files/directories:
‘test_addPageBreak.doc’ ‘test_addPlot.doc’ ‘test_addSessionInfo.doc’
‘test_addTable.doc’
Flavors: r-devel-linux-x86_64-debian-clang, r-devel-linux-x86_64-debian-gcc, r-devel-linux-x86_64-fedora-clang, r-devel-linux-x86_64-fedora-gcc, r-patched-linux-x86_64, r-release-linux-x86_64