Last updated on 2025-01-19 05:49:19 CET.
Flavor | Version | Tinstall | Tcheck | Ttotal | Status | Flags |
---|---|---|---|---|---|---|
r-devel-linux-x86_64-debian-clang | 0.27 | 4.58 | 32.32 | 36.90 | OK | |
r-devel-linux-x86_64-debian-gcc | 0.27 | 3.28 | 24.75 | 28.03 | OK | |
r-devel-linux-x86_64-fedora-clang | 0.27 | 58.26 | OK | |||
r-devel-linux-x86_64-fedora-gcc | 0.27 | 55.37 | OK | |||
r-devel-windows-x86_64 | 0.27 | 10.00 | 70.00 | 80.00 | OK | |
r-patched-linux-x86_64 | 0.27 | 5.17 | 31.13 | 36.30 | NOTE | |
r-release-linux-x86_64 | 0.27 | 3.87 | 30.79 | 34.66 | NOTE | |
r-release-macos-arm64 | 0.27 | 23.00 | NOTE | |||
r-release-macos-x86_64 | 0.27 | 36.00 | NOTE | |||
r-release-windows-x86_64 | 0.27 | 9.00 | 56.00 | 65.00 | NOTE | |
r-oldrel-macos-arm64 | 0.27 | 27.00 | NOTE | |||
r-oldrel-macos-x86_64 | 0.27 | 47.00 | NOTE | |||
r-oldrel-windows-x86_64 | 0.27 | 8.00 | 61.00 | 69.00 | NOTE |
Version: 0.27
Check: for GNU extensions in Makefiles
Result: NOTE
GNU make is a SystemRequirements.
Flavors: r-patched-linux-x86_64, r-release-linux-x86_64, r-release-macos-arm64, r-release-macos-x86_64, r-release-windows-x86_64, r-oldrel-macos-arm64, r-oldrel-macos-x86_64, r-oldrel-windows-x86_64
Version: 0.27
Check: installed package size
Result: NOTE
installed size is 11.4Mb
sub-directories of 1Mb or more:
rmarkdown 11.1Mb
Flavors: r-release-macos-arm64, r-release-macos-x86_64, r-release-windows-x86_64, r-oldrel-macos-arm64, r-oldrel-macos-x86_64, r-oldrel-windows-x86_64