Last updated on 2024-05-01 16:53:09 CEST.
Flavor | Version | Tinstall | Tcheck | Ttotal | Status | Flags |
---|---|---|---|---|---|---|
r-devel-linux-x86_64-debian-clang | 5.0.0 | 10.85 | 206.88 | 217.73 | OK | |
r-devel-linux-x86_64-debian-gcc | 5.0.0 | 7.74 | 158.11 | 165.85 | OK | |
r-devel-linux-x86_64-fedora-clang | 5.0.0 | 298.49 | NOTE | |||
r-devel-linux-x86_64-fedora-gcc | 5.0.0 | 309.46 | NOTE | |||
r-devel-windows-x86_64 | 5.0.0 | 10.00 | 198.00 | 208.00 | OK | |
r-patched-linux-x86_64 | 5.0.0 | 10.50 | 203.21 | 213.71 | OK | |
r-release-linux-x86_64 | 5.0.0 | 6.05 | 202.46 | 208.51 | OK | |
r-release-macos-arm64 | 5.0.0 | 87.00 | OK | |||
r-release-windows-x86_64 | 5.0.0 | 9.00 | 193.00 | 202.00 | OK | |
r-oldrel-macos-arm64 | 5.0.0 | 99.00 | OK | |||
r-oldrel-macos-x86_64 | 5.0.0 | 153.00 | OK | |||
r-oldrel-windows-x86_64 | 5.0.0 | 12.00 | 221.00 | 233.00 | OK |
Version: 5.0.0
Check: dependencies in R code
Result: NOTE
Namespaces in Imports field not imported from:
‘DescTools’ ‘MASS’ ‘gridExtra’
All declared Imports should be used.
Flavors: r-devel-linux-x86_64-fedora-clang, r-devel-linux-x86_64-fedora-gcc