CRAN Package Check Results for Package rtiff

Last updated on 2019-10-22 12:48:16 CEST.

Flavor Version Tinstall Tcheck Ttotal Status Flags
r-devel-linux-x86_64-debian-clang 1.4.6 3.24 25.26 28.50 NOTE
r-devel-linux-x86_64-debian-gcc 1.4.6 2.73 19.64 22.37 NOTE
r-devel-linux-x86_64-fedora-clang 1.4.6 35.13 NOTE
r-devel-linux-x86_64-fedora-gcc 1.4.6 34.59 NOTE
r-devel-windows-ix86+x86_64 1.4.6 13.00 67.00 80.00 OK
r-patched-linux-x86_64 1.4.6 2.84 24.34 27.18 OK
r-patched-solaris-x86 1.4.6 51.30 OK
r-release-linux-x86_64 1.4.6 2.77 24.29 27.06 OK
r-release-windows-ix86+x86_64 1.4.6 8.00 70.00 78.00 OK
r-release-osx-x86_64 1.4.6 OK
r-oldrel-windows-ix86+x86_64 1.4.6 10.00 65.00 75.00 OK
r-oldrel-osx-x86_64 1.4.6 OK

Check Details

Version: 1.4.6
Check: for non-standard things in the check directory
Result: NOTE
    Found the following files/directories:
     'atesttif.tif'
Flavors: r-devel-linux-x86_64-debian-clang, r-devel-linux-x86_64-debian-gcc, r-devel-linux-x86_64-fedora-clang, r-devel-linux-x86_64-fedora-gcc