CRAN Package Check Results for Package rtiff

Last updated on 2020-06-03 12:49:20 CEST.

Flavor Version Tinstall Tcheck Ttotal Status Flags
r-devel-linux-x86_64-debian-clang 1.4.7 3.61 26.48 30.09 OK
r-devel-linux-x86_64-debian-gcc 1.4.7 2.75 21.08 23.83 OK
r-devel-linux-x86_64-fedora-clang 1.4.7 46.01 OK
r-devel-linux-x86_64-fedora-gcc 1.4.7 36.95 OK
r-devel-windows-ix86+x86_64 1.4.7 13.00 68.00 81.00 OK
r-patched-linux-x86_64 1.4.7 3.47 26.23 29.70 OK
r-patched-solaris-x86 1.4.7 52.30 OK
r-release-linux-x86_64 1.4.7 3.27 26.27 29.54 OK
r-release-osx-x86_64 1.4.7 ERROR
r-release-windows-ix86+x86_64 1.4.7 10.00 68.00 78.00 OK
r-oldrel-osx-x86_64 1.4.7 OK
r-oldrel-windows-ix86+x86_64 1.4.7 12.00 76.00 88.00 OK

Check Details

Version: 1.4.7
Check: whether package can be installed
Result: ERROR
    Installation failed.
Flavor: r-release-osx-x86_64