Last updated on 2025-01-19 05:49:19 CET.
Flavor | Version | Tinstall | Tcheck | Ttotal | Status | Flags |
---|---|---|---|---|---|---|
r-devel-linux-x86_64-debian-clang | 0.2.6.1 | 43.56 | 29.24 | 72.80 | NOTE | |
r-devel-linux-x86_64-debian-gcc | 0.2.6.1 | 35.15 | 23.43 | 58.58 | NOTE | |
r-devel-linux-x86_64-fedora-clang | 0.2.6.1 | 122.39 | NOTE | |||
r-devel-linux-x86_64-fedora-gcc | 0.2.6.1 | 144.27 | NOTE | |||
r-devel-windows-x86_64 | 0.2.6.1 | 45.00 | 85.00 | 130.00 | NOTE | |
r-patched-linux-x86_64 | 0.2.6.1 | 50.03 | 27.27 | 77.30 | NOTE | |
r-release-linux-x86_64 | 0.2.6.1 | 49.03 | 27.62 | 76.65 | NOTE | |
r-release-macos-arm64 | 0.2.6.1 | 38.00 | NOTE | |||
r-release-macos-x86_64 | 0.2.6.1 | 43.00 | NOTE | |||
r-release-windows-x86_64 | 0.2.6.1 | 46.00 | 82.00 | 128.00 | NOTE | |
r-oldrel-macos-arm64 | 0.2.6.1 | 42.00 | NOTE | |||
r-oldrel-macos-x86_64 | 0.2.6.1 | 68.00 | NOTE | |||
r-oldrel-windows-x86_64 | 0.2.6.1 | 50.00 | 88.00 | 138.00 | NOTE |
Version: 0.2.6.1
Check: C++ specification
Result: NOTE
Specified C++11: please drop specification unless essential
Flavors: r-devel-linux-x86_64-debian-clang, r-devel-linux-x86_64-debian-gcc, r-devel-linux-x86_64-fedora-clang, r-devel-linux-x86_64-fedora-gcc, r-devel-windows-x86_64, r-patched-linux-x86_64, r-release-linux-x86_64, r-release-macos-arm64, r-release-macos-x86_64, r-release-windows-x86_64, r-oldrel-macos-arm64, r-oldrel-macos-x86_64, r-oldrel-windows-x86_64
Version: 0.2.6.1
Check: installed package size
Result: NOTE
installed size is 7.2Mb
sub-directories of 1Mb or more:
libs 7.1Mb
Flavors: r-release-macos-arm64, r-release-macos-x86_64, r-oldrel-macos-arm64, r-oldrel-macos-x86_64