Last updated on 2025-01-19 05:49:19 CET.
Flavor | Version | Tinstall | Tcheck | Ttotal | Status | Flags |
---|---|---|---|---|---|---|
r-devel-linux-x86_64-debian-clang | 1.1.0 | 2.59 | 34.65 | 37.24 | OK | |
r-devel-linux-x86_64-debian-gcc | 1.1.0 | 1.85 | 25.46 | 27.31 | OK | |
r-devel-linux-x86_64-fedora-clang | 1.1.0 | 59.63 | NOTE | |||
r-devel-linux-x86_64-fedora-gcc | 1.1.0 | 72.56 | NOTE | |||
r-devel-windows-x86_64 | 1.1.0 | 4.00 | 62.00 | 66.00 | OK | |
r-patched-linux-x86_64 | 1.1.0 | 2.80 | 32.51 | 35.31 | OK | |
r-release-linux-x86_64 | 1.1.0 | 2.13 | 32.16 | 34.29 | OK | |
r-release-macos-arm64 | 1.1.0 | 31.00 | OK | |||
r-release-macos-x86_64 | 1.1.0 | 89.00 | OK | |||
r-release-windows-x86_64 | 1.1.0 | 5.00 | 59.00 | 64.00 | OK | |
r-oldrel-macos-arm64 | 1.1.0 | 29.00 | OK | |||
r-oldrel-macos-x86_64 | 1.1.0 | 53.00 | OK | |||
r-oldrel-windows-x86_64 | 1.1.0 | 5.00 | 63.00 | 68.00 | OK |
Version: 1.1.0
Check: dependencies in R code
Result: NOTE
Namespace in Imports field not imported from: ‘curl’
All declared Imports should be used.
Flavors: r-devel-linux-x86_64-fedora-clang, r-devel-linux-x86_64-fedora-gcc