CRAN Package Check Results for Package rugarch

Last updated on 2020-07-12 12:47:43 CEST.

Flavor Version Tinstall Tcheck Ttotal Status Flags
r-devel-linux-x86_64-debian-clang 1.4-2 100.52 308.60 409.12 OK
r-devel-linux-x86_64-debian-gcc 1.4-2 80.90 233.45 314.35 OK
r-devel-linux-x86_64-fedora-clang 1.4-2 497.95 NOTE
r-devel-linux-x86_64-fedora-gcc 1.4-2 497.08 OK
r-devel-windows-ix86+x86_64 1.4-2 144.00 424.00 568.00 NOTE
r-patched-linux-x86_64 1.4-2 87.86 309.56 397.42 OK
r-patched-solaris-x86 1.4-2 548.00 NOTE
r-release-linux-x86_64 1.4-2 93.67 311.57 405.24 OK
r-release-macos-x86_64 1.4-2 NOTE
r-release-windows-ix86+x86_64 1.4-2 198.00 320.00 518.00 NOTE
r-oldrel-macos-x86_64 1.4-2 NOTE
r-oldrel-windows-ix86+x86_64 1.4-2 175.00 307.00 482.00 NOTE

Check Details

Version: 1.4-2
Check: installed package size
Result: NOTE
     installed size is 7.8Mb
     sub-directories of 1Mb or more:
     R 3.0Mb
     libs 2.4Mb
Flavors: r-devel-linux-x86_64-fedora-clang, r-devel-windows-ix86+x86_64, r-patched-solaris-x86, r-release-macos-x86_64, r-release-windows-ix86+x86_64, r-oldrel-macos-x86_64, r-oldrel-windows-ix86+x86_64