Last updated on 2025-01-19 05:49:19 CET.
Flavor | Version | Tinstall | Tcheck | Ttotal | Status | Flags |
---|---|---|---|---|---|---|
r-devel-linux-x86_64-debian-clang | 1.5-3 | 95.16 | 273.45 | 368.61 | OK | |
r-devel-linux-x86_64-debian-gcc | 1.5-3 | 61.49 | 169.82 | 231.31 | OK | |
r-devel-linux-x86_64-fedora-clang | 1.5-3 | 606.72 | OK | |||
r-devel-linux-x86_64-fedora-gcc | 1.5-3 | 574.18 | OK | |||
r-devel-windows-x86_64 | 1.5-3 | 83.00 | 276.00 | 359.00 | OK | |
r-patched-linux-x86_64 | 1.5-3 | 94.40 | 256.57 | 350.97 | OK | |
r-release-linux-x86_64 | 1.5-3 | 79.08 | 257.95 | 337.03 | OK | |
r-release-macos-arm64 | 1.5-3 | 137.00 | NOTE | |||
r-release-macos-x86_64 | 1.5-3 | 263.00 | NOTE | |||
r-release-windows-x86_64 | 1.5-3 | 86.00 | 265.00 | 351.00 | NOTE | |
r-oldrel-macos-arm64 | 1.5-3 | 137.00 | NOTE | |||
r-oldrel-macos-x86_64 | 1.5-3 | 295.00 | NOTE | |||
r-oldrel-windows-x86_64 | 1.5-3 | 102.00 | 337.00 | 439.00 | NOTE |
Version: 1.5-3
Check: installed package size
Result: NOTE
installed size is 7.7Mb
sub-directories of 1Mb or more:
R 3.1Mb
libs 2.4Mb
Flavors: r-release-macos-arm64, r-release-macos-x86_64, r-release-windows-x86_64, r-oldrel-macos-arm64, r-oldrel-macos-x86_64, r-oldrel-windows-x86_64