Last updated on 2025-01-19 05:49:19 CET.
Flavor | Version | Tinstall | Tcheck | Ttotal | Status | Flags |
---|---|---|---|---|---|---|
r-devel-linux-x86_64-debian-clang | 0.3.2 | 134.93 | 362.45 | 497.38 | OK | |
r-devel-linux-x86_64-debian-gcc | 0.3.2 | 100.25 | 376.03 | 476.28 | OK | |
r-devel-linux-x86_64-fedora-clang | 0.3.2 | 727.80 | OK | |||
r-devel-linux-x86_64-fedora-gcc | 0.3.2 | 857.02 | OK | |||
r-devel-windows-x86_64 | 0.3.2 | 134.00 | 335.00 | 469.00 | OK | |
r-patched-linux-x86_64 | 0.3.2 | 145.46 | 427.48 | 572.94 | OK | |
r-release-linux-x86_64 | 0.3.2 | 140.79 | 425.76 | 566.55 | OK | |
r-release-macos-arm64 | 0.3.2 | 204.00 | NOTE | |||
r-release-macos-x86_64 | 0.3.2 | 285.00 | NOTE | |||
r-release-windows-x86_64 | 0.3.2 | 149.00 | 335.00 | 484.00 | NOTE | |
r-oldrel-macos-arm64 | 0.3.2 | 324.00 | NOTE | |||
r-oldrel-macos-x86_64 | 0.3.2 | 607.00 | NOTE | |||
r-oldrel-windows-x86_64 | 0.3.2 | 168.00 | 354.00 | 522.00 | NOTE |
Version: 0.3.2
Check: installed package size
Result: NOTE
installed size is 10.8Mb
sub-directories of 1Mb or more:
data 3.8Mb
libs 6.5Mb
Flavors: r-release-macos-arm64, r-release-macos-x86_64, r-release-windows-x86_64, r-oldrel-macos-arm64, r-oldrel-macos-x86_64, r-oldrel-windows-x86_64