Last updated on 2024-03-28 14:48:41 CET.
Flavor | Version | Tinstall | Tcheck | Ttotal | Status | Flags |
---|---|---|---|---|---|---|
r-devel-linux-x86_64-debian-clang | 0.3.2 | 258.90 | 413.08 | 671.98 | OK | |
r-devel-linux-x86_64-debian-gcc | 0.3.2 | 199.01 | 351.24 | 550.25 | OK | |
r-devel-linux-x86_64-fedora-clang | 0.3.2 | 828.20 | OK | |||
r-devel-linux-x86_64-fedora-gcc | 0.3.2 | 925.38 | OK | |||
r-devel-windows-x86_64 | 0.3.2 | 180.00 | 343.00 | 523.00 | NOTE | |
r-patched-linux-x86_64 | 0.3.2 | 247.15 | 468.31 | 715.46 | OK | |
r-release-linux-x86_64 | 0.3.2 | 251.37 | 483.79 | 735.16 | OK | |
r-release-macos-arm64 | 0.3.2 | 324.00 | NOTE | |||
r-release-macos-x86_64 | 0.3.2 | 607.00 | NOTE | |||
r-release-windows-x86_64 | 0.3.2 | 177.00 | 371.00 | 548.00 | NOTE | |
r-oldrel-macos-arm64 | 0.3.2 | 308.00 | NOTE | |||
r-oldrel-windows-x86_64 | 0.3.2 | 225.00 | 364.00 | 589.00 | NOTE |
Version: 0.3.2
Check: installed package size
Result: NOTE
installed size is 5.7Mb
sub-directories of 1Mb or more:
data 3.8Mb
libs 1.4Mb
Flavors: r-devel-windows-x86_64, r-release-macos-arm64, r-release-macos-x86_64, r-release-windows-x86_64, r-oldrel-macos-arm64, r-oldrel-windows-x86_64