CRAN Package Check Results for Package ruin

Last updated on 2025-01-19 05:49:19 CET.

Flavor Version Tinstall Tcheck Ttotal Status Flags
r-devel-linux-x86_64-debian-clang 0.1.1 3.61 54.90 58.51 NOTE
r-devel-linux-x86_64-debian-gcc 0.1.1 2.42 36.74 39.16 NOTE
r-devel-linux-x86_64-fedora-clang 0.1.1 95.45 OK
r-devel-linux-x86_64-fedora-gcc 0.1.1 104.53 OK
r-devel-windows-x86_64 0.1.1 6.00 74.00 80.00 NOTE
r-patched-linux-x86_64 0.1.1 8.52 50.65 59.17 NOTE
r-release-linux-x86_64 0.1.1 2.56 50.55 53.11 NOTE
r-release-macos-arm64 0.1.1 33.00 NOTE
r-release-macos-x86_64 0.1.1 53.00 NOTE
r-release-windows-x86_64 0.1.1 6.00 71.00 77.00 NOTE
r-oldrel-macos-arm64 0.1.1 34.00 NOTE
r-oldrel-macos-x86_64 0.1.1 55.00 NOTE
r-oldrel-windows-x86_64 0.1.1 6.00 82.00 88.00 NOTE

Check Details

Version: 0.1.1
Check: Rd cross-references
Result: NOTE Found the following Rd file(s) with Rd \link{} targets missing package anchors: plot_path.Rd: ggplot2 Please provide package anchors for all Rd \link{} targets not in the package itself and the base packages. Flavors: r-devel-linux-x86_64-debian-clang, r-devel-linux-x86_64-debian-gcc, r-devel-windows-x86_64

Version: 0.1.1
Check: LazyData
Result: NOTE 'LazyData' is specified without a 'data' directory Flavors: r-patched-linux-x86_64, r-release-linux-x86_64, r-release-macos-arm64, r-release-macos-x86_64, r-release-windows-x86_64, r-oldrel-macos-arm64, r-oldrel-macos-x86_64, r-oldrel-windows-x86_64