Last updated on 2025-01-19 05:49:19 CET.
Flavor | Version | Tinstall | Tcheck | Ttotal | Status | Flags |
---|---|---|---|---|---|---|
r-devel-linux-x86_64-debian-clang | 0.3.0 | 4.00 | 60.88 | 64.88 | NOTE | |
r-devel-linux-x86_64-debian-gcc | 0.3.0 | 3.54 | 42.13 | 45.67 | NOTE | |
r-devel-linux-x86_64-fedora-clang | 0.3.0 | 103.67 | NOTE | |||
r-devel-linux-x86_64-fedora-gcc | 0.3.0 | 112.27 | NOTE | |||
r-devel-windows-x86_64 | 0.3.0 | 5.00 | 81.00 | 86.00 | NOTE | |
r-patched-linux-x86_64 | 0.3.0 | 4.59 | 56.56 | 61.15 | NOTE | |
r-release-linux-x86_64 | 0.3.0 | 3.99 | 56.45 | 60.44 | NOTE | |
r-release-macos-arm64 | 0.3.0 | 38.00 | NOTE | |||
r-release-macos-x86_64 | 0.3.0 | 99.00 | NOTE | |||
r-release-windows-x86_64 | 0.3.0 | 6.00 | 79.00 | 85.00 | NOTE | |
r-oldrel-macos-arm64 | 0.3.0 | 39.00 | OK | |||
r-oldrel-macos-x86_64 | 0.3.0 | 59.00 | OK | |||
r-oldrel-windows-x86_64 | 0.3.0 | 7.00 | 88.00 | 95.00 | OK |
Version: 0.3.0
Check: Rd files
Result: NOTE
checkRd: (-1) rules.Rd:24: Lost braces; missing escapes or markup?
24 | \item Absent names are replaced with the 'rule__\\{ind\\}' where \\{ind\\} is the
| ^
checkRd: (-1) rules.Rd:24: Lost braces; missing escapes or markup?
24 | \item Absent names are replaced with the 'rule__\\{ind\\}' where \\{ind\\} is the
| ^
Flavors: r-devel-linux-x86_64-debian-clang, r-devel-linux-x86_64-debian-gcc, r-devel-linux-x86_64-fedora-clang, r-devel-linux-x86_64-fedora-gcc, r-devel-windows-x86_64, r-patched-linux-x86_64, r-release-linux-x86_64, r-release-macos-arm64, r-release-macos-x86_64, r-release-windows-x86_64